{"id":2164,"date":"2023-04-01T21:24:57","date_gmt":"2023-04-01T21:24:57","guid":{"rendered":"https:\/\/srses.org\/?page_id=2164"},"modified":"2023-11-26T00:14:30","modified_gmt":"2023-11-25T23:14:30","slug":"trauma-2","status":"publish","type":"page","link":"https:\/\/srses.org\/?page_id=2164","title":{"rendered":"Trauma"},"content":{"rendered":"\t\t<div data-elementor-type=\"wp-page\" data-elementor-id=\"2164\" class=\"elementor elementor-2164\">\n\t\t\t\t<div class=\"elementor-element elementor-element-0ec2284 e-flex e-con-boxed e-con e-parent\" data-id=\"0ec2284\" data-element_type=\"container\" data-e-type=\"container\">\n\t\t\t\t\t<div class=\"e-con-inner\">\n\t\t<div class=\"elementor-element elementor-element-62d8edc e-con-full e-flex e-con e-parent\" data-id=\"62d8edc\" data-element_type=\"container\" data-e-type=\"container\">\n\t\t\t\t<div class=\"elementor-element elementor-element-01879f8 elementor-widget elementor-widget-text-editor\" data-id=\"01879f8\" data-element_type=\"widget\" data-e-type=\"widget\" data-widget_type=\"text-editor.default\">\n\t\t\t\t<div class=\"elementor-widget-container\">\n\t\t\t\t\t\t\t\t\t<p>Trauma se odnosi na svaku fizi\u010dku povredu ili ranu koja je uzrokovana spoljnom silom ili doga\u0111ajem, kao \u0161to su saobrac\u0301ajna nesrec\u0301a, pad sa visine ili nasilni \u010din. Povrede svih organa i regija klasifikuju se prema standardnim skoring sistemima (American Association for the Surgery of Trauma AAST, AIS (Abbreviated Injury Scale), WSES Classification, Injury Severity Score (ISS) Skor Te\u017eine Povreda (1-75) Te\u0161ka Trauma ISS&gt;16) od lakih, na primer manje posekotine i modrice, do te\u0161kih povreda opasnih po \u017eivot, kao \u0161to su te\u0161ke traume glave ili te\u0161ka o\u0161tec\u0301enja unutra\u0161njih organa (Tabela 1).<br \/>Neke povrede su ekstremno te\u0161ke, sa smrtnim ishodom na mestu povre\u0111ivanja (AAST stepen 6). Politrauma je sindrom vi\u0161estrukih povreda sa ukupnim stepenom te\u017eine ISS&gt;16 i posledi\u010dnim sistemskim reakcijama koje dovode do disfunkcije i otkazivanja organa koji nisu primarno povre\u0111eni.<\/p>\t\t\t\t\t\t\t\t<\/div>\n\t\t\t\t<\/div>\n\t\t\t\t<\/div>\n\t\t<div class=\"elementor-element elementor-element-edc0cb0 e-con-full e-flex e-con e-parent\" data-id=\"edc0cb0\" data-element_type=\"container\" data-e-type=\"container\">\n\t\t\t\t<div class=\"elementor-element elementor-element-ea19a94 elementor-widget elementor-widget-image\" data-id=\"ea19a94\" data-element_type=\"widget\" data-e-type=\"widget\" data-widget_type=\"image.default\">\n\t\t\t\t<div class=\"elementor-widget-container\">\n\t\t\t\t\t\t\t\t\t\t\t\t\t\t\t<img fetchpriority=\"high\" decoding=\"async\" width=\"758\" height=\"1024\" src=\"https:\/\/srses.org\/wp-content\/uploads\/2023\/04\/trauma-3-758x1024.jpg\" class=\"attachment-large size-large wp-image-2354\" alt=\"\" srcset=\"https:\/\/srses.org\/wp-content\/uploads\/2023\/04\/trauma-3-758x1024.jpg 758w, https:\/\/srses.org\/wp-content\/uploads\/2023\/04\/trauma-3-222x300.jpg 222w, https:\/\/srses.org\/wp-content\/uploads\/2023\/04\/trauma-3-768x1038.jpg 768w, https:\/\/srses.org\/wp-content\/uploads\/2023\/04\/trauma-3-1136x1536.jpg 1136w, https:\/\/srses.org\/wp-content\/uploads\/2023\/04\/trauma-3-1000x1352.jpg 1000w, https:\/\/srses.org\/wp-content\/uploads\/2023\/04\/trauma-3-230x311.jpg 230w, https:\/\/srses.org\/wp-content\/uploads\/2023\/04\/trauma-3-350x473.jpg 350w, https:\/\/srses.org\/wp-content\/uploads\/2023\/04\/trauma-3-480x649.jpg 480w, https:\/\/srses.org\/wp-content\/uploads\/2023\/04\/trauma-3.jpg 1183w\" sizes=\"(max-width: 758px) 100vw, 758px\" \/>\t\t\t\t\t\t\t\t\t\t\t\t\t\t\t<\/div>\n\t\t\t\t<\/div>\n\t\t\t\t<\/div>\n\t\t\t\t\t<\/div>\n\t\t\t\t<\/div>\n\t\t<div class=\"elementor-element elementor-element-2ade11e e-flex e-con-boxed e-con e-parent\" data-id=\"2ade11e\" data-element_type=\"container\" data-e-type=\"container\">\n\t\t\t\t\t<div class=\"e-con-inner\">\n\t\t\t\t<div class=\"elementor-element elementor-element-117043f elementor-widget__width-initial elementor-widget elementor-widget-image\" data-id=\"117043f\" data-element_type=\"widget\" data-e-type=\"widget\" data-widget_type=\"image.default\">\n\t\t\t\t<div class=\"elementor-widget-container\">\n\t\t\t\t\t\t\t\t\t\t\t\t\t\t\t<img decoding=\"async\" width=\"1024\" height=\"738\" src=\"https:\/\/srses.org\/wp-content\/uploads\/2023\/04\/iss-1024x738.jpg\" class=\"attachment-large size-large wp-image-2430\" alt=\"\" srcset=\"https:\/\/srses.org\/wp-content\/uploads\/2023\/04\/iss-1024x738.jpg 1024w, https:\/\/srses.org\/wp-content\/uploads\/2023\/04\/iss-300x216.jpg 300w, https:\/\/srses.org\/wp-content\/uploads\/2023\/04\/iss-768x554.jpg 768w, https:\/\/srses.org\/wp-content\/uploads\/2023\/04\/iss-1000x721.jpg 1000w, https:\/\/srses.org\/wp-content\/uploads\/2023\/04\/iss-230x166.jpg 230w, https:\/\/srses.org\/wp-content\/uploads\/2023\/04\/iss-350x252.jpg 350w, https:\/\/srses.org\/wp-content\/uploads\/2023\/04\/iss-480x346.jpg 480w, https:\/\/srses.org\/wp-content\/uploads\/2023\/04\/iss.jpg 1494w\" sizes=\"(max-width: 1024px) 100vw, 1024px\" \/>\t\t\t\t\t\t\t\t\t\t\t\t\t\t\t<\/div>\n\t\t\t\t<\/div>\n\t\t\t\t\t<\/div>\n\t\t\t\t<\/div>\n\t\t\t\t<section class=\"elementor-section elementor-top-section elementor-element elementor-element-4fa8b45 elementor-section-boxed elementor-section-height-default elementor-section-height-default\" data-id=\"4fa8b45\" data-element_type=\"section\" data-e-type=\"section\">\n\t\t\t\t\t\t<div class=\"elementor-container elementor-column-gap-default\">\n\t\t\t\t\t<div class=\"elementor-column elementor-col-100 elementor-top-column elementor-element elementor-element-24cbeb5c\" data-id=\"24cbeb5c\" data-element_type=\"column\" data-e-type=\"column\">\n\t\t\t<div class=\"elementor-widget-wrap elementor-element-populated\">\n\t\t\t\t\t\t<div class=\"elementor-element elementor-element-790a136b elementor-widget elementor-widget-text-editor\" data-id=\"790a136b\" data-element_type=\"widget\" data-e-type=\"widget\" data-widget_type=\"text-editor.default\">\n\t\t\t\t<div class=\"elementor-widget-container\">\n\t\t\t\t\t\t\t\t\t\n<p>Zbrinjavanje traume je kompleksan medicinski tretman koji se pru\u017ea pacijentima koji su do\u017eiveli povredu. U zbrinjavanju traumatizovanog anga\u017eovan je multidisciplinarni tim specijalno edukovanih zdravstvenih radnika, uklju\u010dujuc\u0301i hirurge, anesteziologe, specijaliste urgentne medicine, medicinske sestre, a u kasnijim fazama le\u010denja interniste, fizioterapeute i socijalne radnike. Cilj zbrinjavanja traume je stabilizacija stanja pacijenta, spre\u010davanje daljeg povre\u0111ivanja ili o\u0161tec\u0301enja i blagovremen i odgovarajuc\u0301i medicinski tretman kako bi se spre\u010dile dugoro\u010dne komplikacije i trajan invaliditet. Zbrinjavanje traume podrazumeva hitno izvo\u0111enje (zlatni sat) ta\u010dno utvr\u0111enih intervencija po protokolima, koje se sprovode paraleleno, a to su reanimacione, dijagnosti\u010dke i terapijske. Sprovode se napredne radiolo\u0161ke metode (CT), laboratorijski testovi, interventne procedure za spasavanje \u017eivota, hitna hirur\u0161ka intervencija.<\/p>\n<p><strong>Povrede glave<\/strong>: One mogu uklju\u010divati potrese mozga, frakture lobanje ili traumatske povrede mozga, koje mogu izazvati neurolo\u0161ke simptome kao \u0161to su gubitak svesti, konfuzija ili epilepti\u010dni napadi.<\/p>\n<p><strong>Povrede grudnog ko\u0161a<\/strong>: One mogu uklju\u010divati frakture rebara, kontuziju pluc\u0301a ili povrede srca ili krvnih sudova, hematotoraks, pneumotoraksa, \u0161to mo\u017ee izazvati ote\u017eano disanje, krvarenje, poreme\u0107aj hemodinamike, respiratorni ili sr\u010dani zastoj.<\/p>\n<p><strong>Povrede abdomena<\/strong>: One mogu uklju\u010divati povrede jetre, slezine ili drugih parenhimatoznih organa, povrede creva, i sve mogu izazvati unutra\u0161nje krvarenje, septi\u010dne komplikacije ili \u0161ok.<\/p>\n\t\t\t\t\t\t\t\t<\/div>\n\t\t\t\t<\/div>\n\t\t\t\t\t<\/div>\n\t\t<\/div>\n\t\t\t\t\t<\/div>\n\t\t<\/section>\n\t\t<div class=\"elementor-element elementor-element-addc44d e-flex e-con-boxed e-con e-parent\" data-id=\"addc44d\" data-element_type=\"container\" data-e-type=\"container\">\n\t\t\t\t\t<div class=\"e-con-inner\">\n\t\t\t\t<div class=\"elementor-element elementor-element-7442b22 elementor-widget__width-initial elementor-widget elementor-widget-image\" data-id=\"7442b22\" data-element_type=\"widget\" data-e-type=\"widget\" data-widget_type=\"image.default\">\n\t\t\t\t<div class=\"elementor-widget-container\">\n\t\t\t\t\t\t\t\t\t\t\t\t\t\t\t<img decoding=\"async\" width=\"1024\" height=\"827\" src=\"https:\/\/srses.org\/wp-content\/uploads\/2023\/04\/Matejic-2-1024x827.jpg\" class=\"attachment-large size-large wp-image-2431\" alt=\"\" srcset=\"https:\/\/srses.org\/wp-content\/uploads\/2023\/04\/Matejic-2-1024x827.jpg 1024w, https:\/\/srses.org\/wp-content\/uploads\/2023\/04\/Matejic-2-300x242.jpg 300w, https:\/\/srses.org\/wp-content\/uploads\/2023\/04\/Matejic-2-768x620.jpg 768w, https:\/\/srses.org\/wp-content\/uploads\/2023\/04\/Matejic-2-1000x807.jpg 1000w, https:\/\/srses.org\/wp-content\/uploads\/2023\/04\/Matejic-2-230x186.jpg 230w, https:\/\/srses.org\/wp-content\/uploads\/2023\/04\/Matejic-2-350x283.jpg 350w, https:\/\/srses.org\/wp-content\/uploads\/2023\/04\/Matejic-2-480x387.jpg 480w, https:\/\/srses.org\/wp-content\/uploads\/2023\/04\/Matejic-2.jpg 1183w\" sizes=\"(max-width: 1024px) 100vw, 1024px\" \/>\t\t\t\t\t\t\t\t\t\t\t\t\t\t\t<\/div>\n\t\t\t\t<\/div>\n\t\t\t\t\t<\/div>\n\t\t\t\t<\/div>\n\t\t<div class=\"elementor-element elementor-element-8ba95d7 e-flex e-con-boxed e-con e-parent\" data-id=\"8ba95d7\" data-element_type=\"container\" data-e-type=\"container\">\n\t\t\t\t\t<div class=\"e-con-inner\">\n\t\t\t\t<div class=\"elementor-element elementor-element-a9c8a14 elementor-widget elementor-widget-text-editor\" data-id=\"a9c8a14\" data-element_type=\"widget\" data-e-type=\"widget\" data-widget_type=\"text-editor.default\">\n\t\t\t\t<div class=\"elementor-widget-container\">\n\t\t\t\t\t\t\t\t\t<p><strong>Ortopedske povrede<\/strong>: One mogu uklju\u010divati prelome, dislokacije, povrede ki\u010dme sa ili bez povrede ki\u010dmene mozdine i nerava, mogu izazvati jak bol, probleme sa pokretljivo\u0161c\u0301u ili paralizu.<\/p>\n<p>Mortalitet zbog traume se de\u0161ava u tri vremenska perioda (Shema 1). Najte\u017ee povre\u0111eni umiru rano, zbog iskrvarenja, te\u0161ke povrede vitalnih centara i mozga i ireverzibilnog otkazivanja vitalnih organa. Posle nekoliko nedelja, traumatizovani umiru naj\u010de\u0161\u0107e zbog septi\u010dnih komplikacija i MODSa.<\/p>\t\t\t\t\t\t\t\t<\/div>\n\t\t\t\t<\/div>\n\t\t\t\t\t<\/div>\n\t\t\t\t<\/div>\n\t\t<div class=\"elementor-element elementor-element-c250748 e-flex e-con-boxed e-con e-parent\" data-id=\"c250748\" data-element_type=\"container\" data-e-type=\"container\">\n\t\t\t\t\t<div class=\"e-con-inner\">\n\t\t\t\t<div class=\"elementor-element elementor-element-9818368 elementor-widget__width-initial elementor-invisible elementor-widget elementor-widget-image\" data-id=\"9818368\" data-element_type=\"widget\" data-e-type=\"widget\" data-settings=\"{&quot;_animation&quot;:&quot;fadeInUp&quot;}\" data-widget_type=\"image.default\">\n\t\t\t\t<div class=\"elementor-widget-container\">\n\t\t\t\t\t\t\t\t\t\t\t\t\t\t\t<img loading=\"lazy\" decoding=\"async\" width=\"1024\" height=\"945\" src=\"https:\/\/srses.org\/wp-content\/uploads\/2023\/04\/mortalitet-1024x945.jpg\" class=\"attachment-large size-large wp-image-2432\" alt=\"\" srcset=\"https:\/\/srses.org\/wp-content\/uploads\/2023\/04\/mortalitet-1024x945.jpg 1024w, https:\/\/srses.org\/wp-content\/uploads\/2023\/04\/mortalitet-300x277.jpg 300w, https:\/\/srses.org\/wp-content\/uploads\/2023\/04\/mortalitet-768x709.jpg 768w, https:\/\/srses.org\/wp-content\/uploads\/2023\/04\/mortalitet-1000x923.jpg 1000w, https:\/\/srses.org\/wp-content\/uploads\/2023\/04\/mortalitet-230x212.jpg 230w, https:\/\/srses.org\/wp-content\/uploads\/2023\/04\/mortalitet-350x323.jpg 350w, https:\/\/srses.org\/wp-content\/uploads\/2023\/04\/mortalitet-480x443.jpg 480w, https:\/\/srses.org\/wp-content\/uploads\/2023\/04\/mortalitet.jpg 1080w\" sizes=\"(max-width: 1024px) 100vw, 1024px\" \/>\t\t\t\t\t\t\t\t\t\t\t\t\t\t\t<\/div>\n\t\t\t\t<\/div>\n\t\t\t\t\t<\/div>\n\t\t\t\t<\/div>\n\t\t<div class=\"elementor-element elementor-element-8c1c95f e-flex e-con-boxed e-con e-parent\" data-id=\"8c1c95f\" data-element_type=\"container\" data-e-type=\"container\">\n\t\t\t\t\t<div class=\"e-con-inner\">\n\t\t\t\t<div class=\"elementor-element elementor-element-5b87f32 elementor-widget elementor-widget-text-editor\" data-id=\"5b87f32\" data-element_type=\"widget\" data-e-type=\"widget\" data-widget_type=\"text-editor.default\">\n\t\t\t\t<div class=\"elementor-widget-container\">\n\t\t\t\t\t\t\t\t\t<p>Zbrinjavanje traume je kriti\u010dna komponenta urgentne medicine, urgentne hirurgije i anesteziologije, koje se izvodi u cilju stabilizacije vitalnih parametra pacijenata, sprovo\u0111enjem intervencija koje direktno spa\u0161avaju \u017eivote povre\u0111enih, a izvode se hitno i neposredno nakon povre\u0111ivanja. Pru\u017eajuc\u0301i pravovremenu i odgovarajuc\u0301u negu, zdravstveni radnici mogu pomoc\u0301i da se pobolj\u0161aja ishod, smanji mortalitet, spre\u010di umiranje u prvom satu i smanji morbiditet i dugoro\u010dne komplikacije.<\/p>\t\t\t\t\t\t\t\t<\/div>\n\t\t\t\t<\/div>\n\t\t\t\t\t<\/div>\n\t\t\t\t<\/div>\n\t\t\t\t<\/div>\n\t\t","protected":false},"excerpt":{"rendered":"<p>Trauma se odnosi na svaku fizi\u010dku povredu ili ranu koja je uzrokovana spoljnom silom ili doga\u0111ajem, kao \u0161to su saobrac\u0301ajna nesrec\u0301a, pad [&hellip;]<\/p>\n","protected":false},"author":2,"featured_media":0,"parent":0,"menu_order":0,"comment_status":"closed","ping_status":"closed","template":"","meta":{"footnotes":""},"class_list":["post-2164","page","type-page","status-publish","hentry"],"yoast_head":"<!-- This site is optimized with the Yoast SEO plugin v27.6 - https:\/\/yoast.com\/product\/yoast-seo-wordpress\/ -->\n<title>SSES - Trauma<\/title>\n<meta name=\"description\" content=\"Svaka fizi\u010dka povreda ili rana koja je uzrokovana spoljnom silom ili doga\u0111ajem, kao \u0161to je saobrac\u0301ajna nesrec\u0301a, pad ili nasilni \u010din.\" \/>\n<meta name=\"robots\" content=\"index, follow, max-snippet:-1, max-image-preview:large, max-video-preview:-1\" \/>\n<link rel=\"canonical\" href=\"https:\/\/srses.org\/?page_id=2164\" \/>\n<meta property=\"og:locale\" content=\"en_US\" \/>\n<meta property=\"og:type\" content=\"article\" \/>\n<meta property=\"og:title\" content=\"SSES - Trauma\" \/>\n<meta property=\"og:description\" content=\"Svaka fizi\u010dka povreda ili rana koja je uzrokovana spoljnom silom ili doga\u0111ajem, kao \u0161to je saobrac\u0301ajna nesrec\u0301a, pad ili nasilni \u010din.\" \/>\n<meta property=\"og:url\" content=\"https:\/\/srses.org\/?page_id=2164\" \/>\n<meta property=\"og:site_name\" content=\"SSES\" \/>\n<meta property=\"article:publisher\" content=\"https:\/\/www.facebook.com\/srbses\" \/>\n<meta property=\"article:modified_time\" content=\"2023-11-25T23:14:30+00:00\" \/>\n<meta property=\"og:image\" content=\"https:\/\/srses.org\/wp-content\/uploads\/2023\/04\/trauma-3-758x1024.jpg\" \/>\n<meta name=\"twitter:card\" content=\"summary_large_image\" \/>\n<meta name=\"twitter:label1\" content=\"Est. reading time\" \/>\n\t<meta name=\"twitter:data1\" content=\"3 minutes\" \/>\n<script type=\"application\/ld+json\" class=\"yoast-schema-graph\">{\"@context\":\"https:\\\/\\\/schema.org\",\"@graph\":[{\"@type\":\"WebPage\",\"@id\":\"https:\\\/\\\/srses.org\\\/?page_id=2164\",\"url\":\"https:\\\/\\\/srses.org\\\/?page_id=2164\",\"name\":\"SSES - Trauma\",\"isPartOf\":{\"@id\":\"https:\\\/\\\/srses.org\\\/#website\"},\"primaryImageOfPage\":{\"@id\":\"https:\\\/\\\/srses.org\\\/?page_id=2164#primaryimage\"},\"image\":{\"@id\":\"https:\\\/\\\/srses.org\\\/?page_id=2164#primaryimage\"},\"thumbnailUrl\":\"https:\\\/\\\/srses.org\\\/wp-content\\\/uploads\\\/2023\\\/04\\\/trauma-3-758x1024.jpg\",\"datePublished\":\"2023-04-01T21:24:57+00:00\",\"dateModified\":\"2023-11-25T23:14:30+00:00\",\"description\":\"Svaka fizi\u010dka povreda ili rana koja je uzrokovana spoljnom silom ili doga\u0111ajem, kao \u0161to je saobrac\u0301ajna nesrec\u0301a, pad ili nasilni \u010din.\",\"breadcrumb\":{\"@id\":\"https:\\\/\\\/srses.org\\\/?page_id=2164#breadcrumb\"},\"inLanguage\":\"en-US\",\"potentialAction\":[{\"@type\":\"ReadAction\",\"target\":[\"https:\\\/\\\/srses.org\\\/?page_id=2164\"]}]},{\"@type\":\"ImageObject\",\"inLanguage\":\"en-US\",\"@id\":\"https:\\\/\\\/srses.org\\\/?page_id=2164#primaryimage\",\"url\":\"https:\\\/\\\/srses.org\\\/wp-content\\\/uploads\\\/2023\\\/04\\\/trauma-3.jpg\",\"contentUrl\":\"https:\\\/\\\/srses.org\\\/wp-content\\\/uploads\\\/2023\\\/04\\\/trauma-3.jpg\",\"width\":1183,\"height\":1599},{\"@type\":\"BreadcrumbList\",\"@id\":\"https:\\\/\\\/srses.org\\\/?page_id=2164#breadcrumb\",\"itemListElement\":[{\"@type\":\"ListItem\",\"position\":1,\"name\":\"Home\",\"item\":\"https:\\\/\\\/srses.org\\\/\"},{\"@type\":\"ListItem\",\"position\":2,\"name\":\"Trauma\"}]},{\"@type\":\"WebSite\",\"@id\":\"https:\\\/\\\/srses.org\\\/#website\",\"url\":\"https:\\\/\\\/srses.org\\\/\",\"name\":\"SSES\",\"description\":\"Serbian Society of Emergency Surgery\",\"publisher\":{\"@id\":\"https:\\\/\\\/srses.org\\\/#organization\"},\"potentialAction\":[{\"@type\":\"SearchAction\",\"target\":{\"@type\":\"EntryPoint\",\"urlTemplate\":\"https:\\\/\\\/srses.org\\\/?s={search_term_string}\"},\"query-input\":{\"@type\":\"PropertyValueSpecification\",\"valueRequired\":true,\"valueName\":\"search_term_string\"}}],\"inLanguage\":\"en-US\"},{\"@type\":\"Organization\",\"@id\":\"https:\\\/\\\/srses.org\\\/#organization\",\"name\":\"SSES\",\"alternateName\":\"Serbian Society of Emergency Surgery\",\"url\":\"https:\\\/\\\/srses.org\\\/\",\"logo\":{\"@type\":\"ImageObject\",\"inLanguage\":\"en-US\",\"@id\":\"https:\\\/\\\/srses.org\\\/#\\\/schema\\\/logo\\\/image\\\/\",\"url\":\"https:\\\/\\\/srses.org\\\/wp-content\\\/uploads\\\/2023\\\/01\\\/crveni.png\",\"contentUrl\":\"https:\\\/\\\/srses.org\\\/wp-content\\\/uploads\\\/2023\\\/01\\\/crveni.png\",\"width\":724,\"height\":328,\"caption\":\"SSES\"},\"image\":{\"@id\":\"https:\\\/\\\/srses.org\\\/#\\\/schema\\\/logo\\\/image\\\/\"},\"sameAs\":[\"https:\\\/\\\/www.facebook.com\\\/srbses\"]}]}<\/script>\n<!-- \/ Yoast SEO plugin. -->","yoast_head_json":{"title":"SSES - Trauma","description":"Svaka fizi\u010dka povreda ili rana koja je uzrokovana spoljnom silom ili doga\u0111ajem, kao \u0161to je saobrac\u0301ajna nesrec\u0301a, pad ili nasilni \u010din.","robots":{"index":"index","follow":"follow","max-snippet":"max-snippet:-1","max-image-preview":"max-image-preview:large","max-video-preview":"max-video-preview:-1"},"canonical":"https:\/\/srses.org\/?page_id=2164","og_locale":"en_US","og_type":"article","og_title":"SSES - Trauma","og_description":"Svaka fizi\u010dka povreda ili rana koja je uzrokovana spoljnom silom ili doga\u0111ajem, kao \u0161to je saobrac\u0301ajna nesrec\u0301a, pad ili nasilni \u010din.","og_url":"https:\/\/srses.org\/?page_id=2164","og_site_name":"SSES","article_publisher":"https:\/\/www.facebook.com\/srbses","article_modified_time":"2023-11-25T23:14:30+00:00","og_image":[{"url":"https:\/\/srses.org\/wp-content\/uploads\/2023\/04\/trauma-3-758x1024.jpg","type":"","width":"","height":""}],"twitter_card":"summary_large_image","twitter_misc":{"Est. reading time":"3 minutes"},"schema":{"@context":"https:\/\/schema.org","@graph":[{"@type":"WebPage","@id":"https:\/\/srses.org\/?page_id=2164","url":"https:\/\/srses.org\/?page_id=2164","name":"SSES - Trauma","isPartOf":{"@id":"https:\/\/srses.org\/#website"},"primaryImageOfPage":{"@id":"https:\/\/srses.org\/?page_id=2164#primaryimage"},"image":{"@id":"https:\/\/srses.org\/?page_id=2164#primaryimage"},"thumbnailUrl":"https:\/\/srses.org\/wp-content\/uploads\/2023\/04\/trauma-3-758x1024.jpg","datePublished":"2023-04-01T21:24:57+00:00","dateModified":"2023-11-25T23:14:30+00:00","description":"Svaka fizi\u010dka povreda ili rana koja je uzrokovana spoljnom silom ili doga\u0111ajem, kao \u0161to je saobrac\u0301ajna nesrec\u0301a, pad ili nasilni \u010din.","breadcrumb":{"@id":"https:\/\/srses.org\/?page_id=2164#breadcrumb"},"inLanguage":"en-US","potentialAction":[{"@type":"ReadAction","target":["https:\/\/srses.org\/?page_id=2164"]}]},{"@type":"ImageObject","inLanguage":"en-US","@id":"https:\/\/srses.org\/?page_id=2164#primaryimage","url":"https:\/\/srses.org\/wp-content\/uploads\/2023\/04\/trauma-3.jpg","contentUrl":"https:\/\/srses.org\/wp-content\/uploads\/2023\/04\/trauma-3.jpg","width":1183,"height":1599},{"@type":"BreadcrumbList","@id":"https:\/\/srses.org\/?page_id=2164#breadcrumb","itemListElement":[{"@type":"ListItem","position":1,"name":"Home","item":"https:\/\/srses.org\/"},{"@type":"ListItem","position":2,"name":"Trauma"}]},{"@type":"WebSite","@id":"https:\/\/srses.org\/#website","url":"https:\/\/srses.org\/","name":"SSES","description":"Serbian Society of Emergency Surgery","publisher":{"@id":"https:\/\/srses.org\/#organization"},"potentialAction":[{"@type":"SearchAction","target":{"@type":"EntryPoint","urlTemplate":"https:\/\/srses.org\/?s={search_term_string}"},"query-input":{"@type":"PropertyValueSpecification","valueRequired":true,"valueName":"search_term_string"}}],"inLanguage":"en-US"},{"@type":"Organization","@id":"https:\/\/srses.org\/#organization","name":"SSES","alternateName":"Serbian Society of Emergency Surgery","url":"https:\/\/srses.org\/","logo":{"@type":"ImageObject","inLanguage":"en-US","@id":"https:\/\/srses.org\/#\/schema\/logo\/image\/","url":"https:\/\/srses.org\/wp-content\/uploads\/2023\/01\/crveni.png","contentUrl":"https:\/\/srses.org\/wp-content\/uploads\/2023\/01\/crveni.png","width":724,"height":328,"caption":"SSES"},"image":{"@id":"https:\/\/srses.org\/#\/schema\/logo\/image\/"},"sameAs":["https:\/\/www.facebook.com\/srbses"]}]}},"_links":{"self":[{"href":"https:\/\/srses.org\/index.php?rest_route=\/wp\/v2\/pages\/2164","targetHints":{"allow":["GET"]}}],"collection":[{"href":"https:\/\/srses.org\/index.php?rest_route=\/wp\/v2\/pages"}],"about":[{"href":"https:\/\/srses.org\/index.php?rest_route=\/wp\/v2\/types\/page"}],"author":[{"embeddable":true,"href":"https:\/\/srses.org\/index.php?rest_route=\/wp\/v2\/users\/2"}],"replies":[{"embeddable":true,"href":"https:\/\/srses.org\/index.php?rest_route=%2Fwp%2Fv2%2Fcomments&post=2164"}],"version-history":[{"count":14,"href":"https:\/\/srses.org\/index.php?rest_route=\/wp\/v2\/pages\/2164\/revisions"}],"predecessor-version":[{"id":2435,"href":"https:\/\/srses.org\/index.php?rest_route=\/wp\/v2\/pages\/2164\/revisions\/2435"}],"wp:attachment":[{"href":"https:\/\/srses.org\/index.php?rest_route=%2Fwp%2Fv2%2Fmedia&parent=2164"}],"curies":[{"name":"wp","href":"https:\/\/api.w.org\/{rel}","templated":true}]}}