{"id":2182,"date":"2023-04-01T21:29:16","date_gmt":"2023-04-01T21:29:16","guid":{"rendered":"https:\/\/srses.org\/?page_id=2182"},"modified":"2023-11-25T23:53:43","modified_gmt":"2023-11-25T22:53:43","slug":"minimalno-invazivna-hirurgija","status":"publish","type":"page","link":"https:\/\/srses.org\/?page_id=2182","title":{"rendered":"Minimalno invazivna hirurgija"},"content":{"rendered":"\t\t<div data-elementor-type=\"wp-page\" data-elementor-id=\"2182\" class=\"elementor elementor-2182\">\n\t\t\t\t<div class=\"elementor-element elementor-element-d43cf0a e-flex e-con-boxed e-con e-parent\" data-id=\"d43cf0a\" data-element_type=\"container\" data-e-type=\"container\">\n\t\t\t\t\t<div class=\"e-con-inner\">\n\t\t\t\t<div class=\"elementor-element elementor-element-8e961b0 elementor-widget elementor-widget-text-editor\" data-id=\"8e961b0\" data-element_type=\"widget\" data-e-type=\"widget\" data-widget_type=\"text-editor.default\">\n\t\t\t\t<div class=\"elementor-widget-container\">\n\t\t\t\t\t\t\t\t\t<p>Minimalno invazivna hirurgija (MIH) se odnosi na hirur\u0161ke tehnike koje koriste male rezove ili prirodne otvore za pristup operativnom polju, za raliku od tradicionalne otvorene hirurgiju gde su prisupi veliki rezovi. MIH tehnike uklju\u010duju upotrebu specijalizovanih hirur\u0161kih instrumenata i video tehnologije za vo\u0111enje hirurga.<\/p>\n<p>Jedna od glavnih prednosti MIH je minimalizovanje traume tkiva, bola i o\u017eiljaka u pore\u0111enju sa tradicionalnom otvorenom hirurgijom. Pacijenti koji su podvrgnuti MIH-u mogu imati manje operativnog krvarenja, krac\u0301i boravak u bolnici i br\u017ee vreme oporavka. Pored toga, MIH tehnike mogu dovesti do manjeg broja postoperativnih komplikacija i manjeg rizika od infekcije.<\/p>\t\t\t\t\t\t\t\t<\/div>\n\t\t\t\t<\/div>\n\t\t\t\t\t<\/div>\n\t\t\t\t<\/div>\n\t\t<div class=\"elementor-element elementor-element-5c0859c e-flex e-con-boxed e-con e-parent\" data-id=\"5c0859c\" data-element_type=\"container\" data-e-type=\"container\">\n\t\t\t\t\t<div class=\"e-con-inner\">\n\t\t\t\t<div class=\"elementor-element elementor-element-df4ef06 elementor-widget elementor-widget-video\" data-id=\"df4ef06\" data-element_type=\"widget\" data-e-type=\"widget\" data-settings=\"{&quot;youtube_url&quot;:&quot;https:\\\/\\\/youtu.be\\\/WtUwlxABd3k&quot;,&quot;loop&quot;:&quot;yes&quot;,&quot;autoplay&quot;:&quot;yes&quot;,&quot;video_type&quot;:&quot;youtube&quot;,&quot;controls&quot;:&quot;yes&quot;}\" data-widget_type=\"video.default\">\n\t\t\t\t<div class=\"elementor-widget-container\">\n\t\t\t\t\t\t\t<div class=\"elementor-wrapper elementor-open-inline\">\n\t\t\t<div class=\"elementor-video\"><\/div>\t\t<\/div>\n\t\t\t\t\t\t<\/div>\n\t\t\t\t<\/div>\n\t\t\t\t\t<\/div>\n\t\t\t\t<\/div>\n\t\t\t\t<section class=\"elementor-section elementor-top-section elementor-element elementor-element-300d4ccd elementor-section-boxed elementor-section-height-default elementor-section-height-default\" data-id=\"300d4ccd\" data-element_type=\"section\" data-e-type=\"section\">\n\t\t\t\t\t\t<div class=\"elementor-container elementor-column-gap-default\">\n\t\t\t\t\t<div class=\"elementor-column elementor-col-100 elementor-top-column elementor-element elementor-element-34cfe3b\" data-id=\"34cfe3b\" data-element_type=\"column\" data-e-type=\"column\">\n\t\t\t<div class=\"elementor-widget-wrap elementor-element-populated\">\n\t\t\t\t\t\t<div class=\"elementor-element elementor-element-cb605cf elementor-widget elementor-widget-text-editor\" data-id=\"cb605cf\" data-element_type=\"widget\" data-e-type=\"widget\" data-widget_type=\"text-editor.default\">\n\t\t\t\t<div class=\"elementor-widget-container\">\n\t\t\t\t\t\t\t\t\t\n<p>MIH se mo\u017ee koristiti za \u0161irok spektar hirur\u0161kih procedura, uklju\u010dujuc\u0301i gastrointestinalnu hirurgiju, ginekolo\u0161ku hirurgiju, grudnu hirurgiju, urolo\u0161ke operacije i ortopedsku hirurgiju. Neke uobi\u010dajene MIH tehnike uklju\u010duju:<\/p>\n<p><strong>Laparoskopska hirurgija<\/strong>: je minimalno invazivna abdominalna hirurgija, mala kamera i specijalizovani instrumenti se ubacuju kroz male rezove na trbu\u0161nom zidu da bi se izvr\u0161ila operacija.<\/p>\n<p><strong>Endoskopska hirurgija<\/strong>: fleksibilna cev sa kamerom i instrumentima se ubacuje kroz usta, nos ili rektum kako bi se pristupilo hirur\u0161kom mestu.\u00a0Transanalna endoskopska hirurgija: U ovoj tehnici, specijalizovani instrumenti se ubacuju kroz anus za izvo\u0111enje operacije na rektumu ili debelom crevu.<\/p>\n<p><strong>Robotska hirurgija<\/strong>: U ovoj tehnici, hirurg koristi robotski sistem za kontrolu hirur\u0161kih instrumenata kroz male rezove.<\/p>\n<p>MIH je napravila revoluciju u oblasti hirurgije pru\u017eajuc\u0301i pacijentima manje invazivne i efikasnije opcije le\u010denja. Iako nisu sve operacije pogodne za MIH, ona je postala sve \u010de\u0161c\u0301i i va\u017eniji pristup za mnoge vrste hirur\u0161kih procedura.<\/p>\n<p><strong>MIH u urgentnoj hirurgiji<\/strong> standardno se koristi za izvo\u0111enje holecistektomije, apendektomije, suturu perforativnog ulkusa duodenuma, ekspoloraciju u traumi. Spektar indikacija u urgentnoj hirurgiji se \u0161iri, ali kontraindikacija u urgentnim hirur\u0161kim stanjima je hemodimaska nestabilnost i septi\u010dni \u0161ok.<\/p>\n<p><span style=\"color: #0000ff;\"><em>Ref. Nielsen LBJ, Tengberg LT, Bay-Nielsen M. Laparoscopy in major abdominal emergency surgery seems to be a safe procedure. Dan Med J. 2017;64:A5370.<\/em><\/span><\/p>\n\t\t\t\t\t\t\t\t<\/div>\n\t\t\t\t<\/div>\n\t\t\t\t\t<\/div>\n\t\t<\/div>\n\t\t\t\t\t<\/div>\n\t\t<\/section>\n\t\t\t\t<\/div>\n\t\t","protected":false},"excerpt":{"rendered":"<p>Minimalno invazivna hirurgija (MIH) se odnosi na hirur\u0161ke tehnike koje koriste male rezove ili prirodne otvore za pristup operativnom polju, za raliku [&hellip;]<\/p>\n","protected":false},"author":2,"featured_media":0,"parent":0,"menu_order":0,"comment_status":"closed","ping_status":"closed","template":"","meta":{"footnotes":""},"class_list":["post-2182","page","type-page","status-publish","hentry"],"yoast_head":"<!-- This site is optimized with the Yoast SEO plugin v27.6 - https:\/\/yoast.com\/product\/yoast-seo-wordpress\/ -->\n<title>SSES - Minimalno invazivna hirurgija<\/title>\n<meta name=\"description\" content=\"Minimalno invazivna hirurgija (MIH) se odnosi na hirur\u0161ke tehnike koje koriste male rezove ili prirodne otvore za pristup hirur\u0161kom mestu.\" \/>\n<meta name=\"robots\" content=\"index, follow, max-snippet:-1, max-image-preview:large, max-video-preview:-1\" \/>\n<link rel=\"canonical\" href=\"https:\/\/srses.org\/?page_id=2182\" \/>\n<meta property=\"og:locale\" content=\"en_US\" \/>\n<meta property=\"og:type\" content=\"article\" \/>\n<meta property=\"og:title\" content=\"SSES - Minimalno invazivna hirurgija\" \/>\n<meta property=\"og:description\" content=\"Minimalno invazivna hirurgija (MIH) se odnosi na hirur\u0161ke tehnike koje koriste male rezove ili prirodne otvore za pristup hirur\u0161kom mestu.\" \/>\n<meta property=\"og:url\" content=\"https:\/\/srses.org\/?page_id=2182\" \/>\n<meta property=\"og:site_name\" content=\"SSES\" \/>\n<meta property=\"article:publisher\" content=\"https:\/\/www.facebook.com\/srbses\" \/>\n<meta property=\"article:modified_time\" content=\"2023-11-25T22:53:43+00:00\" \/>\n<meta name=\"twitter:card\" content=\"summary_large_image\" \/>\n<meta name=\"twitter:label1\" content=\"Est. reading time\" \/>\n\t<meta name=\"twitter:data1\" content=\"2 minutes\" \/>\n<script type=\"application\/ld+json\" class=\"yoast-schema-graph\">{\"@context\":\"https:\\\/\\\/schema.org\",\"@graph\":[{\"@type\":\"WebPage\",\"@id\":\"https:\\\/\\\/srses.org\\\/?page_id=2182\",\"url\":\"https:\\\/\\\/srses.org\\\/?page_id=2182\",\"name\":\"SSES - Minimalno invazivna hirurgija\",\"isPartOf\":{\"@id\":\"https:\\\/\\\/srses.org\\\/#website\"},\"datePublished\":\"2023-04-01T21:29:16+00:00\",\"dateModified\":\"2023-11-25T22:53:43+00:00\",\"description\":\"Minimalno invazivna hirurgija (MIH) se odnosi na hirur\u0161ke tehnike koje koriste male rezove ili prirodne otvore za pristup hirur\u0161kom mestu.\",\"breadcrumb\":{\"@id\":\"https:\\\/\\\/srses.org\\\/?page_id=2182#breadcrumb\"},\"inLanguage\":\"en-US\",\"potentialAction\":[{\"@type\":\"ReadAction\",\"target\":[\"https:\\\/\\\/srses.org\\\/?page_id=2182\"]}]},{\"@type\":\"BreadcrumbList\",\"@id\":\"https:\\\/\\\/srses.org\\\/?page_id=2182#breadcrumb\",\"itemListElement\":[{\"@type\":\"ListItem\",\"position\":1,\"name\":\"Home\",\"item\":\"https:\\\/\\\/srses.org\\\/\"},{\"@type\":\"ListItem\",\"position\":2,\"name\":\"Minimalno invazivna hirurgija\"}]},{\"@type\":\"WebSite\",\"@id\":\"https:\\\/\\\/srses.org\\\/#website\",\"url\":\"https:\\\/\\\/srses.org\\\/\",\"name\":\"SSES\",\"description\":\"Serbian Society of Emergency Surgery\",\"publisher\":{\"@id\":\"https:\\\/\\\/srses.org\\\/#organization\"},\"potentialAction\":[{\"@type\":\"SearchAction\",\"target\":{\"@type\":\"EntryPoint\",\"urlTemplate\":\"https:\\\/\\\/srses.org\\\/?s={search_term_string}\"},\"query-input\":{\"@type\":\"PropertyValueSpecification\",\"valueRequired\":true,\"valueName\":\"search_term_string\"}}],\"inLanguage\":\"en-US\"},{\"@type\":\"Organization\",\"@id\":\"https:\\\/\\\/srses.org\\\/#organization\",\"name\":\"SSES\",\"alternateName\":\"Serbian Society of Emergency Surgery\",\"url\":\"https:\\\/\\\/srses.org\\\/\",\"logo\":{\"@type\":\"ImageObject\",\"inLanguage\":\"en-US\",\"@id\":\"https:\\\/\\\/srses.org\\\/#\\\/schema\\\/logo\\\/image\\\/\",\"url\":\"https:\\\/\\\/srses.org\\\/wp-content\\\/uploads\\\/2023\\\/01\\\/crveni.png\",\"contentUrl\":\"https:\\\/\\\/srses.org\\\/wp-content\\\/uploads\\\/2023\\\/01\\\/crveni.png\",\"width\":724,\"height\":328,\"caption\":\"SSES\"},\"image\":{\"@id\":\"https:\\\/\\\/srses.org\\\/#\\\/schema\\\/logo\\\/image\\\/\"},\"sameAs\":[\"https:\\\/\\\/www.facebook.com\\\/srbses\"]}]}<\/script>\n<!-- \/ Yoast SEO plugin. -->","yoast_head_json":{"title":"SSES - Minimalno invazivna hirurgija","description":"Minimalno invazivna hirurgija (MIH) se odnosi na hirur\u0161ke tehnike koje koriste male rezove ili prirodne otvore za pristup hirur\u0161kom mestu.","robots":{"index":"index","follow":"follow","max-snippet":"max-snippet:-1","max-image-preview":"max-image-preview:large","max-video-preview":"max-video-preview:-1"},"canonical":"https:\/\/srses.org\/?page_id=2182","og_locale":"en_US","og_type":"article","og_title":"SSES - Minimalno invazivna hirurgija","og_description":"Minimalno invazivna hirurgija (MIH) se odnosi na hirur\u0161ke tehnike koje koriste male rezove ili prirodne otvore za pristup hirur\u0161kom mestu.","og_url":"https:\/\/srses.org\/?page_id=2182","og_site_name":"SSES","article_publisher":"https:\/\/www.facebook.com\/srbses","article_modified_time":"2023-11-25T22:53:43+00:00","twitter_card":"summary_large_image","twitter_misc":{"Est. reading time":"2 minutes"},"schema":{"@context":"https:\/\/schema.org","@graph":[{"@type":"WebPage","@id":"https:\/\/srses.org\/?page_id=2182","url":"https:\/\/srses.org\/?page_id=2182","name":"SSES - Minimalno invazivna hirurgija","isPartOf":{"@id":"https:\/\/srses.org\/#website"},"datePublished":"2023-04-01T21:29:16+00:00","dateModified":"2023-11-25T22:53:43+00:00","description":"Minimalno invazivna hirurgija (MIH) se odnosi na hirur\u0161ke tehnike koje koriste male rezove ili prirodne otvore za pristup hirur\u0161kom mestu.","breadcrumb":{"@id":"https:\/\/srses.org\/?page_id=2182#breadcrumb"},"inLanguage":"en-US","potentialAction":[{"@type":"ReadAction","target":["https:\/\/srses.org\/?page_id=2182"]}]},{"@type":"BreadcrumbList","@id":"https:\/\/srses.org\/?page_id=2182#breadcrumb","itemListElement":[{"@type":"ListItem","position":1,"name":"Home","item":"https:\/\/srses.org\/"},{"@type":"ListItem","position":2,"name":"Minimalno invazivna hirurgija"}]},{"@type":"WebSite","@id":"https:\/\/srses.org\/#website","url":"https:\/\/srses.org\/","name":"SSES","description":"Serbian Society of Emergency Surgery","publisher":{"@id":"https:\/\/srses.org\/#organization"},"potentialAction":[{"@type":"SearchAction","target":{"@type":"EntryPoint","urlTemplate":"https:\/\/srses.org\/?s={search_term_string}"},"query-input":{"@type":"PropertyValueSpecification","valueRequired":true,"valueName":"search_term_string"}}],"inLanguage":"en-US"},{"@type":"Organization","@id":"https:\/\/srses.org\/#organization","name":"SSES","alternateName":"Serbian Society of Emergency Surgery","url":"https:\/\/srses.org\/","logo":{"@type":"ImageObject","inLanguage":"en-US","@id":"https:\/\/srses.org\/#\/schema\/logo\/image\/","url":"https:\/\/srses.org\/wp-content\/uploads\/2023\/01\/crveni.png","contentUrl":"https:\/\/srses.org\/wp-content\/uploads\/2023\/01\/crveni.png","width":724,"height":328,"caption":"SSES"},"image":{"@id":"https:\/\/srses.org\/#\/schema\/logo\/image\/"},"sameAs":["https:\/\/www.facebook.com\/srbses"]}]}},"_links":{"self":[{"href":"https:\/\/srses.org\/index.php?rest_route=\/wp\/v2\/pages\/2182","targetHints":{"allow":["GET"]}}],"collection":[{"href":"https:\/\/srses.org\/index.php?rest_route=\/wp\/v2\/pages"}],"about":[{"href":"https:\/\/srses.org\/index.php?rest_route=\/wp\/v2\/types\/page"}],"author":[{"embeddable":true,"href":"https:\/\/srses.org\/index.php?rest_route=\/wp\/v2\/users\/2"}],"replies":[{"embeddable":true,"href":"https:\/\/srses.org\/index.php?rest_route=%2Fwp%2Fv2%2Fcomments&post=2182"}],"version-history":[{"count":15,"href":"https:\/\/srses.org\/index.php?rest_route=\/wp\/v2\/pages\/2182\/revisions"}],"predecessor-version":[{"id":2412,"href":"https:\/\/srses.org\/index.php?rest_route=\/wp\/v2\/pages\/2182\/revisions\/2412"}],"wp:attachment":[{"href":"https:\/\/srses.org\/index.php?rest_route=%2Fwp%2Fv2%2Fmedia&parent=2182"}],"curies":[{"name":"wp","href":"https:\/\/api.w.org\/{rel}","templated":true}]}}