{"id":2188,"date":"2023-04-01T21:30:23","date_gmt":"2023-04-01T21:30:23","guid":{"rendered":"https:\/\/srses.org\/?page_id=2188"},"modified":"2023-11-25T23:45:47","modified_gmt":"2023-11-25T22:45:47","slug":"katastrofe-i-vojna-hirurgija","status":"publish","type":"page","link":"https:\/\/srses.org\/?page_id=2188","title":{"rendered":"Katastrofe i vojna hirurgija"},"content":{"rendered":"\t\t<div data-elementor-type=\"wp-page\" data-elementor-id=\"2188\" class=\"elementor elementor-2188\">\n\t\t\t\t<div class=\"elementor-element elementor-element-c765821 e-flex e-con-boxed e-con e-parent\" data-id=\"c765821\" data-element_type=\"container\" data-e-type=\"container\">\n\t\t\t\t\t<div class=\"e-con-inner\">\n\t\t\t\t<div class=\"elementor-element elementor-element-e343db3 elementor-widget elementor-widget-text-editor\" data-id=\"e343db3\" data-element_type=\"widget\" data-e-type=\"widget\" data-widget_type=\"text-editor.default\">\n\t\t\t\t<div class=\"elementor-widget-container\">\n\t\t\t\t\t\t\t\t\t<p>Katastrofe i ratni sukobi predstavljaju jedinstvene izazove za hirur\u0161ko le\u010denje i negu. U ovim uslovima, broj pacijenata mo\u017ee prema\u0161iti kapacitet dostupnih medicinskih resursa, a vrste povreda mogu biti razli\u010dite, od onih sa kojima se lekari susrec\u0301u u svakodnevnoj hirur\u0161koj praksi do neverovatnih.<br \/>U situacijama katastrofa koje poga\u0111aju veliki broj ljudi, kao \u0161to su zemljotresi, uragani, zaraze, pandemije ili teroristi\u010dki napadi, glavni ciljevi hirur\u0161ke doktrine su spasavanje \u017eivota i spre\u010davanje daljih povreda. Ovo mo\u017ee uklju\u010divati izvo\u0111enje hitnih operacija u improvizovanim poljskim bolnicama ili improvizovanim medicinskim ustanovama, gde resursi mogu biti ograni\u010deni i prilago\u0111eni vanrednoj situaciji.<\/p>\t\t\t\t\t\t\t\t<\/div>\n\t\t\t\t<\/div>\n\t\t\t\t\t<\/div>\n\t\t\t\t<\/div>\n\t\t<div class=\"elementor-element elementor-element-8493ac3 e-flex e-con-boxed e-con e-parent\" data-id=\"8493ac3\" data-element_type=\"container\" data-e-type=\"container\">\n\t\t\t\t\t<div class=\"e-con-inner\">\n\t\t<div class=\"elementor-element elementor-element-02b1602 e-con-full e-flex e-con e-parent\" data-id=\"02b1602\" data-element_type=\"container\" data-e-type=\"container\">\n\t\t\t\t<div class=\"elementor-element elementor-element-e48c153 elementor-widget__width-initial elementor-widget elementor-widget-image\" data-id=\"e48c153\" data-element_type=\"widget\" data-e-type=\"widget\" data-widget_type=\"image.default\">\n\t\t\t\t<div class=\"elementor-widget-container\">\n\t\t\t\t\t\t\t\t\t\t\t\t\t\t\t<img fetchpriority=\"high\" decoding=\"async\" width=\"308\" height=\"363\" src=\"https:\/\/srses.org\/wp-content\/uploads\/2023\/02\/Vladimir-Djukic-02.jpg\" class=\"attachment-large size-large wp-image-2065\" alt=\"\" srcset=\"https:\/\/srses.org\/wp-content\/uploads\/2023\/02\/Vladimir-Djukic-02.jpg 308w, https:\/\/srses.org\/wp-content\/uploads\/2023\/02\/Vladimir-Djukic-02-255x300.jpg 255w, https:\/\/srses.org\/wp-content\/uploads\/2023\/02\/Vladimir-Djukic-02-230x271.jpg 230w\" sizes=\"(max-width: 308px) 100vw, 308px\" \/>\t\t\t\t\t\t\t\t\t\t\t\t\t\t\t<\/div>\n\t\t\t\t<\/div>\n\t\t\t\t<div class=\"elementor-element elementor-element-2544c2f elementor-widget elementor-widget-text-editor\" data-id=\"2544c2f\" data-element_type=\"widget\" data-e-type=\"widget\" data-widget_type=\"text-editor.default\">\n\t\t\t\t<div class=\"elementor-widget-container\">\n\t\t\t\t\t\t\t\t\t<p style=\"text-align: center;\"><em>Prof dr Vladimir \u0110uki\u0107<\/em><\/p>\t\t\t\t\t\t\t\t<\/div>\n\t\t\t\t<\/div>\n\t\t\t\t<\/div>\n\t\t<div class=\"elementor-element elementor-element-89f0fa1 e-con-full e-flex e-con e-parent\" data-id=\"89f0fa1\" data-element_type=\"container\" data-e-type=\"container\">\n\t\t\t\t<div class=\"elementor-element elementor-element-4d10dce elementor-widget__width-initial elementor-widget elementor-widget-image\" data-id=\"4d10dce\" data-element_type=\"widget\" data-e-type=\"widget\" data-widget_type=\"image.default\">\n\t\t\t\t<div class=\"elementor-widget-container\">\n\t\t\t\t\t\t\t\t\t\t\t\t\t\t\t<img decoding=\"async\" width=\"281\" height=\"300\" src=\"https:\/\/srses.org\/wp-content\/uploads\/2023\/04\/377jpg.jpg\" class=\"attachment-large size-large wp-image-2444\" alt=\"\" srcset=\"https:\/\/srses.org\/wp-content\/uploads\/2023\/04\/377jpg.jpg 281w, https:\/\/srses.org\/wp-content\/uploads\/2023\/04\/377jpg-230x246.jpg 230w\" sizes=\"(max-width: 281px) 100vw, 281px\" \/>\t\t\t\t\t\t\t\t\t\t\t\t\t\t\t<\/div>\n\t\t\t\t<\/div>\n\t\t\t\t<div class=\"elementor-element elementor-element-9cba635 elementor-widget elementor-widget-text-editor\" data-id=\"9cba635\" data-element_type=\"widget\" data-e-type=\"widget\" data-widget_type=\"text-editor.default\">\n\t\t\t\t<div class=\"elementor-widget-container\">\n\t\t\t\t\t\t\t\t\t<p style=\"text-align: center;\"><em>Prof. dr Neboj\u0161a Stankovi\u0107<\/em><\/p>\t\t\t\t\t\t\t\t<\/div>\n\t\t\t\t<\/div>\n\t\t\t\t<\/div>\n\t\t\t\t\t<\/div>\n\t\t\t\t<\/div>\n\t\t<div class=\"elementor-element elementor-element-2c2870c e-flex e-con-boxed e-con e-parent\" data-id=\"2c2870c\" data-element_type=\"container\" data-e-type=\"container\">\n\t\t\t\t\t<div class=\"e-con-inner\">\n\t\t\t\t<div class=\"elementor-element elementor-element-f13f2b8 elementor-widget elementor-widget-text-editor\" data-id=\"f13f2b8\" data-element_type=\"widget\" data-e-type=\"widget\" data-widget_type=\"text-editor.default\">\n\t\t\t\t<div class=\"elementor-widget-container\">\n\t\t\t\t\t\t\t\t\t<p>U ovim situacijama, medicinski hirur\u0161ki timovi moraju biti u stanju da maksimalno efikasno obavaljaju posao u uslovima krajnjeg pritiska i opasnosti kojoj su svi izlo\u017eeni (Slika 1).<\/p>\t\t\t\t\t\t\t\t<\/div>\n\t\t\t\t<\/div>\n\t\t\t\t\t<\/div>\n\t\t\t\t<\/div>\n\t\t<div class=\"elementor-element elementor-element-f04f25d e-flex e-con-boxed e-con e-parent\" data-id=\"f04f25d\" data-element_type=\"container\" data-e-type=\"container\">\n\t\t\t\t\t<div class=\"e-con-inner\">\n\t\t\t\t<div class=\"elementor-element elementor-element-abef1d4 elementor-widget elementor-widget-image\" data-id=\"abef1d4\" data-element_type=\"widget\" data-e-type=\"widget\" data-widget_type=\"image.default\">\n\t\t\t\t<div class=\"elementor-widget-container\">\n\t\t\t\t\t\t\t\t\t\t\t\t\t\t\t<img decoding=\"async\" width=\"1024\" height=\"768\" src=\"https:\/\/srses.org\/wp-content\/uploads\/2023\/04\/IMG_20220128_123732-1024x768.jpg\" class=\"attachment-large size-large wp-image-2392\" alt=\"\" srcset=\"https:\/\/srses.org\/wp-content\/uploads\/2023\/04\/IMG_20220128_123732-1024x768.jpg 1024w, https:\/\/srses.org\/wp-content\/uploads\/2023\/04\/IMG_20220128_123732-300x225.jpg 300w, https:\/\/srses.org\/wp-content\/uploads\/2023\/04\/IMG_20220128_123732-768x576.jpg 768w, https:\/\/srses.org\/wp-content\/uploads\/2023\/04\/IMG_20220128_123732-1536x1152.jpg 1536w, https:\/\/srses.org\/wp-content\/uploads\/2023\/04\/IMG_20220128_123732-2048x1536.jpg 2048w, https:\/\/srses.org\/wp-content\/uploads\/2023\/04\/IMG_20220128_123732-1000x750.jpg 1000w, https:\/\/srses.org\/wp-content\/uploads\/2023\/04\/IMG_20220128_123732-230x173.jpg 230w, https:\/\/srses.org\/wp-content\/uploads\/2023\/04\/IMG_20220128_123732-350x263.jpg 350w, https:\/\/srses.org\/wp-content\/uploads\/2023\/04\/IMG_20220128_123732-480x360.jpg 480w\" sizes=\"(max-width: 1024px) 100vw, 1024px\" \/>\t\t\t\t\t\t\t\t\t\t\t\t\t\t\t<\/div>\n\t\t\t\t<\/div>\n\t\t\t\t\t<\/div>\n\t\t\t\t<\/div>\n\t\t<div class=\"elementor-element elementor-element-3199cc8 e-flex e-con-boxed e-con e-parent\" data-id=\"3199cc8\" data-element_type=\"container\" data-e-type=\"container\">\n\t\t\t\t\t<div class=\"e-con-inner\">\n\t\t\t\t<div class=\"elementor-element elementor-element-20bf6a5 elementor-widget elementor-widget-text-editor\" data-id=\"20bf6a5\" data-element_type=\"widget\" data-e-type=\"widget\" data-widget_type=\"text-editor.default\">\n\t\t\t\t<div class=\"elementor-widget-container\">\n\t\t\t\t\t\t\t\t\t<p style=\"margin-bottom: 0.25in; background: white; text-align: center;\"><span style=\"font-family: 'Arial',sans-serif; color: #142e2c;\"><em>Slika 1. Medicinski tim UKCS za urgentnu hirurgiju u Covid bolnici Batajnica, januar 2022.<\/em> <\/span><\/p>\t\t\t\t\t\t\t\t<\/div>\n\t\t\t\t<\/div>\n\t\t\t\t\t<\/div>\n\t\t\t\t<\/div>\n\t\t\t\t<section class=\"elementor-section elementor-top-section elementor-element elementor-element-389b04fc elementor-section-boxed elementor-section-height-default elementor-section-height-default\" data-id=\"389b04fc\" data-element_type=\"section\" data-e-type=\"section\">\n\t\t\t\t\t\t<div class=\"elementor-container elementor-column-gap-default\">\n\t\t\t\t\t<div class=\"elementor-column elementor-col-100 elementor-top-column elementor-element elementor-element-184c3075\" data-id=\"184c3075\" data-element_type=\"column\" data-e-type=\"column\">\n\t\t\t<div class=\"elementor-widget-wrap elementor-element-populated\">\n\t\t\t\t\t\t<div class=\"elementor-element elementor-element-2a273831 elementor-widget elementor-widget-text-editor\" data-id=\"2a273831\" data-element_type=\"widget\" data-e-type=\"widget\" data-widget_type=\"text-editor.default\">\n\t\t\t\t<div class=\"elementor-widget-container\">\n\t\t\t\t\t\t\t\t\t\n<p>U vojnim sukobima, hirurgija \u010desto uklju\u010duje zbrinjavanje povreda zadobijenih na bojnom polju. Vojni hirurzi moraju biti u stanju da obavljaju operacije brzo i efikasno u izazovnim uslovima, kao \u0161to su operacije u borbenim zonama ili na vojnim brodovima mornarice. Tako\u0111e moraju biti u stanju da se prilagode promenljivim potrebama bojnog polja i nepredvidim povredama, uklju\u010dujuc\u0301i rane od vatrenog oru\u017eja, povrede od eksplozije, zatrpavanja i opekotine.<br \/>I u situacijama katastrofe i u vojnim sukobima, hirur\u0161ki timovi se tako\u0111e mogu suo\u010diti sa jedinstvenim eti\u010dkim izazovima. Na primer, potreba da donesu te\u0161ke odluke o raspodeli resursa, kao \u0161to je odluka koje pacijente c\u0301e prvo le\u010diti kada su resursi ograni\u010deni. <br \/>Hirurgija katastrofa i vojna hirurgija zahtevaju specijalizovane ve\u0161tine, resurse i obuku. Hirur\u0161ki timovi moraju biti u stanju da se prilagode jedinstvenim izazovima u posebnom okru\u017eenju, istovremeno pru\u017eajuc\u0301i visokokvalitetnu i eti\u010dku negu svojim pacijentima.<\/p>\n\t\t\t\t\t\t\t\t<\/div>\n\t\t\t\t<\/div>\n\t\t\t\t\t<\/div>\n\t\t<\/div>\n\t\t\t\t\t<\/div>\n\t\t<\/section>\n\t\t\t\t<\/div>\n\t\t","protected":false},"excerpt":{"rendered":"<p>Katastrofe i ratni sukobi predstavljaju jedinstvene izazove za hirur\u0161ko le\u010denje i negu. U ovim uslovima, broj pacijenata mo\u017ee prema\u0161iti kapacitet dostupnih medicinskih [&hellip;]<\/p>\n","protected":false},"author":2,"featured_media":0,"parent":0,"menu_order":0,"comment_status":"closed","ping_status":"closed","template":"","meta":{"footnotes":""},"class_list":["post-2188","page","type-page","status-publish","hentry"],"yoast_head":"<!-- This site is optimized with the Yoast SEO plugin v27.6 - https:\/\/yoast.com\/product\/yoast-seo-wordpress\/ -->\n<title>SSES - Katastrofe i vojna hirurgija<\/title>\n<meta name=\"description\" content=\"U prirodnim katastrofama ili u vojnim sukobima, broj pacijenata mo\u017ee prema\u0161iti kapacitet dostupnih medicinskih resursa, a vrste povreda su specifi\u010dne.\" \/>\n<meta name=\"robots\" content=\"index, follow, max-snippet:-1, max-image-preview:large, max-video-preview:-1\" \/>\n<link rel=\"canonical\" href=\"https:\/\/srses.org\/?page_id=2188\" \/>\n<meta property=\"og:locale\" content=\"en_US\" \/>\n<meta property=\"og:type\" content=\"article\" \/>\n<meta property=\"og:title\" content=\"SSES - Katastrofe i vojna hirurgija\" \/>\n<meta property=\"og:description\" content=\"U prirodnim katastrofama ili u vojnim sukobima, broj pacijenata mo\u017ee prema\u0161iti kapacitet dostupnih medicinskih resursa, a vrste povreda su specifi\u010dne.\" \/>\n<meta property=\"og:url\" content=\"https:\/\/srses.org\/?page_id=2188\" \/>\n<meta property=\"og:site_name\" content=\"SSES\" \/>\n<meta property=\"article:publisher\" content=\"https:\/\/www.facebook.com\/srbses\" \/>\n<meta property=\"article:modified_time\" content=\"2023-11-25T22:45:47+00:00\" \/>\n<meta property=\"og:image\" content=\"https:\/\/srses.org\/wp-content\/uploads\/2023\/02\/Vladimir-Djukic-02.jpg\" \/>\n<meta name=\"twitter:card\" content=\"summary_large_image\" \/>\n<meta name=\"twitter:label1\" content=\"Est. reading time\" \/>\n\t<meta name=\"twitter:data1\" content=\"2 minutes\" \/>\n<script type=\"application\/ld+json\" class=\"yoast-schema-graph\">{\"@context\":\"https:\\\/\\\/schema.org\",\"@graph\":[{\"@type\":\"WebPage\",\"@id\":\"https:\\\/\\\/srses.org\\\/?page_id=2188\",\"url\":\"https:\\\/\\\/srses.org\\\/?page_id=2188\",\"name\":\"SSES - Katastrofe i vojna hirurgija\",\"isPartOf\":{\"@id\":\"https:\\\/\\\/srses.org\\\/#website\"},\"primaryImageOfPage\":{\"@id\":\"https:\\\/\\\/srses.org\\\/?page_id=2188#primaryimage\"},\"image\":{\"@id\":\"https:\\\/\\\/srses.org\\\/?page_id=2188#primaryimage\"},\"thumbnailUrl\":\"https:\\\/\\\/srses.org\\\/wp-content\\\/uploads\\\/2023\\\/02\\\/Vladimir-Djukic-02.jpg\",\"datePublished\":\"2023-04-01T21:30:23+00:00\",\"dateModified\":\"2023-11-25T22:45:47+00:00\",\"description\":\"U prirodnim katastrofama ili u vojnim sukobima, broj pacijenata mo\u017ee prema\u0161iti kapacitet dostupnih medicinskih resursa, a vrste povreda su specifi\u010dne.\",\"breadcrumb\":{\"@id\":\"https:\\\/\\\/srses.org\\\/?page_id=2188#breadcrumb\"},\"inLanguage\":\"en-US\",\"potentialAction\":[{\"@type\":\"ReadAction\",\"target\":[\"https:\\\/\\\/srses.org\\\/?page_id=2188\"]}]},{\"@type\":\"ImageObject\",\"inLanguage\":\"en-US\",\"@id\":\"https:\\\/\\\/srses.org\\\/?page_id=2188#primaryimage\",\"url\":\"https:\\\/\\\/srses.org\\\/wp-content\\\/uploads\\\/2023\\\/02\\\/Vladimir-Djukic-02.jpg\",\"contentUrl\":\"https:\\\/\\\/srses.org\\\/wp-content\\\/uploads\\\/2023\\\/02\\\/Vladimir-Djukic-02.jpg\",\"width\":308,\"height\":363},{\"@type\":\"BreadcrumbList\",\"@id\":\"https:\\\/\\\/srses.org\\\/?page_id=2188#breadcrumb\",\"itemListElement\":[{\"@type\":\"ListItem\",\"position\":1,\"name\":\"Home\",\"item\":\"https:\\\/\\\/srses.org\\\/\"},{\"@type\":\"ListItem\",\"position\":2,\"name\":\"Katastrofe i vojna hirurgija\"}]},{\"@type\":\"WebSite\",\"@id\":\"https:\\\/\\\/srses.org\\\/#website\",\"url\":\"https:\\\/\\\/srses.org\\\/\",\"name\":\"SSES\",\"description\":\"Serbian Society of Emergency Surgery\",\"publisher\":{\"@id\":\"https:\\\/\\\/srses.org\\\/#organization\"},\"potentialAction\":[{\"@type\":\"SearchAction\",\"target\":{\"@type\":\"EntryPoint\",\"urlTemplate\":\"https:\\\/\\\/srses.org\\\/?s={search_term_string}\"},\"query-input\":{\"@type\":\"PropertyValueSpecification\",\"valueRequired\":true,\"valueName\":\"search_term_string\"}}],\"inLanguage\":\"en-US\"},{\"@type\":\"Organization\",\"@id\":\"https:\\\/\\\/srses.org\\\/#organization\",\"name\":\"SSES\",\"alternateName\":\"Serbian Society of Emergency Surgery\",\"url\":\"https:\\\/\\\/srses.org\\\/\",\"logo\":{\"@type\":\"ImageObject\",\"inLanguage\":\"en-US\",\"@id\":\"https:\\\/\\\/srses.org\\\/#\\\/schema\\\/logo\\\/image\\\/\",\"url\":\"https:\\\/\\\/srses.org\\\/wp-content\\\/uploads\\\/2023\\\/01\\\/crveni.png\",\"contentUrl\":\"https:\\\/\\\/srses.org\\\/wp-content\\\/uploads\\\/2023\\\/01\\\/crveni.png\",\"width\":724,\"height\":328,\"caption\":\"SSES\"},\"image\":{\"@id\":\"https:\\\/\\\/srses.org\\\/#\\\/schema\\\/logo\\\/image\\\/\"},\"sameAs\":[\"https:\\\/\\\/www.facebook.com\\\/srbses\"]}]}<\/script>\n<!-- \/ Yoast SEO plugin. -->","yoast_head_json":{"title":"SSES - Katastrofe i vojna hirurgija","description":"U prirodnim katastrofama ili u vojnim sukobima, broj pacijenata mo\u017ee prema\u0161iti kapacitet dostupnih medicinskih resursa, a vrste povreda su specifi\u010dne.","robots":{"index":"index","follow":"follow","max-snippet":"max-snippet:-1","max-image-preview":"max-image-preview:large","max-video-preview":"max-video-preview:-1"},"canonical":"https:\/\/srses.org\/?page_id=2188","og_locale":"en_US","og_type":"article","og_title":"SSES - Katastrofe i vojna hirurgija","og_description":"U prirodnim katastrofama ili u vojnim sukobima, broj pacijenata mo\u017ee prema\u0161iti kapacitet dostupnih medicinskih resursa, a vrste povreda su specifi\u010dne.","og_url":"https:\/\/srses.org\/?page_id=2188","og_site_name":"SSES","article_publisher":"https:\/\/www.facebook.com\/srbses","article_modified_time":"2023-11-25T22:45:47+00:00","og_image":[{"url":"https:\/\/srses.org\/wp-content\/uploads\/2023\/02\/Vladimir-Djukic-02.jpg","type":"","width":"","height":""}],"twitter_card":"summary_large_image","twitter_misc":{"Est. reading time":"2 minutes"},"schema":{"@context":"https:\/\/schema.org","@graph":[{"@type":"WebPage","@id":"https:\/\/srses.org\/?page_id=2188","url":"https:\/\/srses.org\/?page_id=2188","name":"SSES - Katastrofe i vojna hirurgija","isPartOf":{"@id":"https:\/\/srses.org\/#website"},"primaryImageOfPage":{"@id":"https:\/\/srses.org\/?page_id=2188#primaryimage"},"image":{"@id":"https:\/\/srses.org\/?page_id=2188#primaryimage"},"thumbnailUrl":"https:\/\/srses.org\/wp-content\/uploads\/2023\/02\/Vladimir-Djukic-02.jpg","datePublished":"2023-04-01T21:30:23+00:00","dateModified":"2023-11-25T22:45:47+00:00","description":"U prirodnim katastrofama ili u vojnim sukobima, broj pacijenata mo\u017ee prema\u0161iti kapacitet dostupnih medicinskih resursa, a vrste povreda su specifi\u010dne.","breadcrumb":{"@id":"https:\/\/srses.org\/?page_id=2188#breadcrumb"},"inLanguage":"en-US","potentialAction":[{"@type":"ReadAction","target":["https:\/\/srses.org\/?page_id=2188"]}]},{"@type":"ImageObject","inLanguage":"en-US","@id":"https:\/\/srses.org\/?page_id=2188#primaryimage","url":"https:\/\/srses.org\/wp-content\/uploads\/2023\/02\/Vladimir-Djukic-02.jpg","contentUrl":"https:\/\/srses.org\/wp-content\/uploads\/2023\/02\/Vladimir-Djukic-02.jpg","width":308,"height":363},{"@type":"BreadcrumbList","@id":"https:\/\/srses.org\/?page_id=2188#breadcrumb","itemListElement":[{"@type":"ListItem","position":1,"name":"Home","item":"https:\/\/srses.org\/"},{"@type":"ListItem","position":2,"name":"Katastrofe i vojna hirurgija"}]},{"@type":"WebSite","@id":"https:\/\/srses.org\/#website","url":"https:\/\/srses.org\/","name":"SSES","description":"Serbian Society of Emergency Surgery","publisher":{"@id":"https:\/\/srses.org\/#organization"},"potentialAction":[{"@type":"SearchAction","target":{"@type":"EntryPoint","urlTemplate":"https:\/\/srses.org\/?s={search_term_string}"},"query-input":{"@type":"PropertyValueSpecification","valueRequired":true,"valueName":"search_term_string"}}],"inLanguage":"en-US"},{"@type":"Organization","@id":"https:\/\/srses.org\/#organization","name":"SSES","alternateName":"Serbian Society of Emergency Surgery","url":"https:\/\/srses.org\/","logo":{"@type":"ImageObject","inLanguage":"en-US","@id":"https:\/\/srses.org\/#\/schema\/logo\/image\/","url":"https:\/\/srses.org\/wp-content\/uploads\/2023\/01\/crveni.png","contentUrl":"https:\/\/srses.org\/wp-content\/uploads\/2023\/01\/crveni.png","width":724,"height":328,"caption":"SSES"},"image":{"@id":"https:\/\/srses.org\/#\/schema\/logo\/image\/"},"sameAs":["https:\/\/www.facebook.com\/srbses"]}]}},"_links":{"self":[{"href":"https:\/\/srses.org\/index.php?rest_route=\/wp\/v2\/pages\/2188","targetHints":{"allow":["GET"]}}],"collection":[{"href":"https:\/\/srses.org\/index.php?rest_route=\/wp\/v2\/pages"}],"about":[{"href":"https:\/\/srses.org\/index.php?rest_route=\/wp\/v2\/types\/page"}],"author":[{"embeddable":true,"href":"https:\/\/srses.org\/index.php?rest_route=\/wp\/v2\/users\/2"}],"replies":[{"embeddable":true,"href":"https:\/\/srses.org\/index.php?rest_route=%2Fwp%2Fv2%2Fcomments&post=2188"}],"version-history":[{"count":11,"href":"https:\/\/srses.org\/index.php?rest_route=\/wp\/v2\/pages\/2188\/revisions"}],"predecessor-version":[{"id":2447,"href":"https:\/\/srses.org\/index.php?rest_route=\/wp\/v2\/pages\/2188\/revisions\/2447"}],"wp:attachment":[{"href":"https:\/\/srses.org\/index.php?rest_route=%2Fwp%2Fv2%2Fmedia&parent=2188"}],"curies":[{"name":"wp","href":"https:\/\/api.w.org\/{rel}","templated":true}]}}