{"id":2863,"date":"2023-09-13T11:40:59","date_gmt":"2023-09-13T10:40:59","guid":{"rendered":"https:\/\/srses.org\/?page_id=2863"},"modified":"2024-01-29T14:23:17","modified_gmt":"2024-01-29T13:23:17","slug":"vodici","status":"publish","type":"page","link":"https:\/\/srses.org\/?page_id=2863","title":{"rendered":"Vodi\u010di"},"content":{"rendered":"\n<h4 class=\"wp-block-heading\">Vodi\u010di Svetskog udru\u017eenja urgentne hirurgije (WSES)<\/h4>\n\n\n\n<p>Vodi\u010d za kontrolu izvora infekcije u urgentnoj hirurgiji: WSES, GAIS, SIS-E, SIS-A je objavljen u World Journal of Emergency Surgery  <a href=\"https:\/\/wjes.biomedcentral.com\/counter\/pdf\/10.1186\/s13017-023-00509-4.pdf\" target=\"_blank\" rel=\"noreferrer noopener\">Pdf<\/a><\/p>\n\n\n\n<p>2023 WSES vodi\u010d za jatrogene povrede urinarnog trakta tokom urgentne abdominalne hirurgije  <a href=\"https:\/\/srses.org\/guidelines\/s13017-023-00513-8.pdf\" target=\"_blank\" rel=\"noreferrer noopener\">Pdf<\/a><\/p>\n\n\n\n<p>U nadi da \u0107e biti od velike koristi Vas svakodnevni rad, a do realizacije na\u0161ih nacionalnih vodi\u010da,\u00a0 uz saglasnost prof Fausta Catene nudimo Vam uvid u klini\u010dke vodi\u010de za hitna hirur\u0161ka stanja i traumu, datog od strane Svetskog\u00a0udru\u017eenja za urgentnu hirurgiju WSES   <a href=\"https:\/\/wjes.biomedcentral.com\/articles\/10.1186\/s13017-019-0245-2\">Pdf<\/a><\/p>\n","protected":false},"excerpt":{"rendered":"<p>Vodi\u010di Svetskog udru\u017eenja urgentne hirurgije (WSES) Vodi\u010d za kontrolu izvora infekcije u urgentnoj hirurgiji: WSES, GAIS, SIS-E, SIS-A je objavljen u World [&hellip;]<\/p>\n","protected":false},"author":2,"featured_media":0,"parent":0,"menu_order":0,"comment_status":"closed","ping_status":"closed","template":"","meta":{"footnotes":""},"class_list":["post-2863","page","type-page","status-publish","hentry"],"yoast_head":"<!-- This site is optimized with the Yoast SEO plugin v27.3 - https:\/\/yoast.com\/product\/yoast-seo-wordpress\/ -->\n<title>SSES - Vodi\u010di<\/title>\n<meta name=\"description\" content=\"Vodi\u010di za urgentnu hirurgiju\" \/>\n<meta name=\"robots\" content=\"index, follow, max-snippet:-1, max-image-preview:large, max-video-preview:-1\" \/>\n<link rel=\"canonical\" href=\"https:\/\/srses.org\/?page_id=2863\" \/>\n<meta property=\"og:locale\" content=\"en_US\" \/>\n<meta property=\"og:type\" content=\"article\" \/>\n<meta property=\"og:title\" content=\"SSES - Vodi\u010di\" \/>\n<meta property=\"og:description\" content=\"Vodi\u010di za urgentnu hirurgiju\" \/>\n<meta property=\"og:url\" content=\"https:\/\/srses.org\/?page_id=2863\" \/>\n<meta property=\"og:site_name\" content=\"SSES\" \/>\n<meta property=\"article:publisher\" content=\"https:\/\/www.facebook.com\/srbses\" \/>\n<meta property=\"article:modified_time\" content=\"2024-01-29T13:23:17+00:00\" \/>\n<meta name=\"twitter:card\" content=\"summary_large_image\" \/>\n<meta name=\"twitter:label1\" content=\"Est. reading time\" \/>\n\t<meta name=\"twitter:data1\" content=\"1 minute\" \/>\n<script type=\"application\/ld+json\" class=\"yoast-schema-graph\">{\"@context\":\"https:\\\/\\\/schema.org\",\"@graph\":[{\"@type\":\"WebPage\",\"@id\":\"https:\\\/\\\/srses.org\\\/?page_id=2863\",\"url\":\"https:\\\/\\\/srses.org\\\/?page_id=2863\",\"name\":\"SSES - Vodi\u010di\",\"isPartOf\":{\"@id\":\"https:\\\/\\\/srses.org\\\/#website\"},\"datePublished\":\"2023-09-13T10:40:59+00:00\",\"dateModified\":\"2024-01-29T13:23:17+00:00\",\"description\":\"Vodi\u010di za urgentnu hirurgiju\",\"breadcrumb\":{\"@id\":\"https:\\\/\\\/srses.org\\\/?page_id=2863#breadcrumb\"},\"inLanguage\":\"en-US\",\"potentialAction\":[{\"@type\":\"ReadAction\",\"target\":[\"https:\\\/\\\/srses.org\\\/?page_id=2863\"]}]},{\"@type\":\"BreadcrumbList\",\"@id\":\"https:\\\/\\\/srses.org\\\/?page_id=2863#breadcrumb\",\"itemListElement\":[{\"@type\":\"ListItem\",\"position\":1,\"name\":\"Home\",\"item\":\"https:\\\/\\\/srses.org\\\/\"},{\"@type\":\"ListItem\",\"position\":2,\"name\":\"Vodi\u010di\"}]},{\"@type\":\"WebSite\",\"@id\":\"https:\\\/\\\/srses.org\\\/#website\",\"url\":\"https:\\\/\\\/srses.org\\\/\",\"name\":\"SSES\",\"description\":\"Serbian Society of Emergency Surgery\",\"publisher\":{\"@id\":\"https:\\\/\\\/srses.org\\\/#organization\"},\"potentialAction\":[{\"@type\":\"SearchAction\",\"target\":{\"@type\":\"EntryPoint\",\"urlTemplate\":\"https:\\\/\\\/srses.org\\\/?s={search_term_string}\"},\"query-input\":{\"@type\":\"PropertyValueSpecification\",\"valueRequired\":true,\"valueName\":\"search_term_string\"}}],\"inLanguage\":\"en-US\"},{\"@type\":\"Organization\",\"@id\":\"https:\\\/\\\/srses.org\\\/#organization\",\"name\":\"SSES\",\"alternateName\":\"Serbian Society of Emergency Surgery\",\"url\":\"https:\\\/\\\/srses.org\\\/\",\"logo\":{\"@type\":\"ImageObject\",\"inLanguage\":\"en-US\",\"@id\":\"https:\\\/\\\/srses.org\\\/#\\\/schema\\\/logo\\\/image\\\/\",\"url\":\"https:\\\/\\\/srses.org\\\/wp-content\\\/uploads\\\/2023\\\/01\\\/crveni.png\",\"contentUrl\":\"https:\\\/\\\/srses.org\\\/wp-content\\\/uploads\\\/2023\\\/01\\\/crveni.png\",\"width\":724,\"height\":328,\"caption\":\"SSES\"},\"image\":{\"@id\":\"https:\\\/\\\/srses.org\\\/#\\\/schema\\\/logo\\\/image\\\/\"},\"sameAs\":[\"https:\\\/\\\/www.facebook.com\\\/srbses\"]}]}<\/script>\n<!-- \/ Yoast SEO plugin. -->","yoast_head_json":{"title":"SSES - Vodi\u010di","description":"Vodi\u010di za urgentnu hirurgiju","robots":{"index":"index","follow":"follow","max-snippet":"max-snippet:-1","max-image-preview":"max-image-preview:large","max-video-preview":"max-video-preview:-1"},"canonical":"https:\/\/srses.org\/?page_id=2863","og_locale":"en_US","og_type":"article","og_title":"SSES - Vodi\u010di","og_description":"Vodi\u010di za urgentnu hirurgiju","og_url":"https:\/\/srses.org\/?page_id=2863","og_site_name":"SSES","article_publisher":"https:\/\/www.facebook.com\/srbses","article_modified_time":"2024-01-29T13:23:17+00:00","twitter_card":"summary_large_image","twitter_misc":{"Est. reading time":"1 minute"},"schema":{"@context":"https:\/\/schema.org","@graph":[{"@type":"WebPage","@id":"https:\/\/srses.org\/?page_id=2863","url":"https:\/\/srses.org\/?page_id=2863","name":"SSES - Vodi\u010di","isPartOf":{"@id":"https:\/\/srses.org\/#website"},"datePublished":"2023-09-13T10:40:59+00:00","dateModified":"2024-01-29T13:23:17+00:00","description":"Vodi\u010di za urgentnu hirurgiju","breadcrumb":{"@id":"https:\/\/srses.org\/?page_id=2863#breadcrumb"},"inLanguage":"en-US","potentialAction":[{"@type":"ReadAction","target":["https:\/\/srses.org\/?page_id=2863"]}]},{"@type":"BreadcrumbList","@id":"https:\/\/srses.org\/?page_id=2863#breadcrumb","itemListElement":[{"@type":"ListItem","position":1,"name":"Home","item":"https:\/\/srses.org\/"},{"@type":"ListItem","position":2,"name":"Vodi\u010di"}]},{"@type":"WebSite","@id":"https:\/\/srses.org\/#website","url":"https:\/\/srses.org\/","name":"SSES","description":"Serbian Society of Emergency Surgery","publisher":{"@id":"https:\/\/srses.org\/#organization"},"potentialAction":[{"@type":"SearchAction","target":{"@type":"EntryPoint","urlTemplate":"https:\/\/srses.org\/?s={search_term_string}"},"query-input":{"@type":"PropertyValueSpecification","valueRequired":true,"valueName":"search_term_string"}}],"inLanguage":"en-US"},{"@type":"Organization","@id":"https:\/\/srses.org\/#organization","name":"SSES","alternateName":"Serbian Society of Emergency Surgery","url":"https:\/\/srses.org\/","logo":{"@type":"ImageObject","inLanguage":"en-US","@id":"https:\/\/srses.org\/#\/schema\/logo\/image\/","url":"https:\/\/srses.org\/wp-content\/uploads\/2023\/01\/crveni.png","contentUrl":"https:\/\/srses.org\/wp-content\/uploads\/2023\/01\/crveni.png","width":724,"height":328,"caption":"SSES"},"image":{"@id":"https:\/\/srses.org\/#\/schema\/logo\/image\/"},"sameAs":["https:\/\/www.facebook.com\/srbses"]}]}},"_links":{"self":[{"href":"https:\/\/srses.org\/index.php?rest_route=\/wp\/v2\/pages\/2863","targetHints":{"allow":["GET"]}}],"collection":[{"href":"https:\/\/srses.org\/index.php?rest_route=\/wp\/v2\/pages"}],"about":[{"href":"https:\/\/srses.org\/index.php?rest_route=\/wp\/v2\/types\/page"}],"author":[{"embeddable":true,"href":"https:\/\/srses.org\/index.php?rest_route=\/wp\/v2\/users\/2"}],"replies":[{"embeddable":true,"href":"https:\/\/srses.org\/index.php?rest_route=%2Fwp%2Fv2%2Fcomments&post=2863"}],"version-history":[{"count":5,"href":"https:\/\/srses.org\/index.php?rest_route=\/wp\/v2\/pages\/2863\/revisions"}],"predecessor-version":[{"id":3463,"href":"https:\/\/srses.org\/index.php?rest_route=\/wp\/v2\/pages\/2863\/revisions\/3463"}],"wp:attachment":[{"href":"https:\/\/srses.org\/index.php?rest_route=%2Fwp%2Fv2%2Fmedia&parent=2863"}],"curies":[{"name":"wp","href":"https:\/\/api.w.org\/{rel}","templated":true}]}}