{"id":3123,"date":"2023-12-10T22:14:33","date_gmt":"2023-12-10T21:14:33","guid":{"rendered":"https:\/\/srses.org\/?page_id=3123"},"modified":"2025-06-03T09:39:18","modified_gmt":"2025-06-03T08:39:18","slug":"kriticne-sklopetarne-povrede","status":"publish","type":"page","link":"https:\/\/srses.org\/?page_id=3123","title":{"rendered":"Kriti\u010dne sklopetarne povrede"},"content":{"rendered":"\t\t<div data-elementor-type=\"wp-page\" data-elementor-id=\"3123\" class=\"elementor elementor-3123\">\n\t\t\t\t<div class=\"elementor-element elementor-element-19edd96 e-flex e-con-boxed e-con e-parent\" data-id=\"19edd96\" data-element_type=\"container\" data-e-type=\"container\">\n\t\t\t\t\t<div class=\"e-con-inner\">\n\t\t\t\t<div class=\"elementor-element elementor-element-a637657 elementor-widget elementor-widget-html\" data-id=\"a637657\" data-element_type=\"widget\" data-e-type=\"widget\" data-widget_type=\"html.default\">\n\t\t\t\t<div class=\"elementor-widget-container\">\n\t\t\t\t\t<div class=\u201dresponsive-embed-container embed-responsive-16by9\" align=\"center\"><iframe src=\"https:\/\/drive.google.com\/file\/d\/1ps4vIhzanRyMfK1w31TsWAksY7UhnNrN\/preview\" width=\"640\" height=\"360\" allow=\"autoplay\" allowfullscreen><\/iframe><\/div>\t\t\t\t<\/div>\n\t\t\t\t<\/div>\n\t\t\t\t\t<\/div>\n\t\t\t\t<\/div>\n\t\t<div class=\"elementor-element elementor-element-f85bef2 e-flex e-con-boxed e-con e-parent\" data-id=\"f85bef2\" data-element_type=\"container\" data-e-type=\"container\">\n\t\t\t\t\t<div class=\"e-con-inner\">\n\t\t\t\t<div class=\"elementor-element elementor-element-89df1c9 elementor-widget elementor-widget-html\" data-id=\"89df1c9\" data-element_type=\"widget\" data-e-type=\"widget\" data-widget_type=\"html.default\">\n\t\t\t\t<div class=\"elementor-widget-container\">\n\t\t\t\t\t<div class=\u201dresponsive-embed-container embed-responsive-16by9\" align=\"center\"><iframe src=\"https:\/\/drive.google.com\/file\/d\/1Mdwe5P80VHIkEQTK5T_cPhGSC4SHdEqM\/preview\" width=\"640\" height=\"360\" allow=\"autoplay\" allowfullscreen><\/iframe><\/div>\t\t\t\t<\/div>\n\t\t\t\t<\/div>\n\t\t\t\t\t<\/div>\n\t\t\t\t<\/div>\n\t\t<div class=\"elementor-element elementor-element-2b2e3b2 e-flex e-con-boxed e-con e-parent\" data-id=\"2b2e3b2\" data-element_type=\"container\" data-e-type=\"container\">\n\t\t\t\t\t<div class=\"e-con-inner\">\n\t\t\t\t<div class=\"elementor-element elementor-element-17ca1fe elementor-widget elementor-widget-html\" data-id=\"17ca1fe\" data-element_type=\"widget\" data-e-type=\"widget\" data-widget_type=\"html.default\">\n\t\t\t\t<div class=\"elementor-widget-container\">\n\t\t\t\t\t<div class=\u201dresponsive-embed-container embed-responsive-16by9\" align=\"center\"><iframe src=\"https:\/\/drive.google.com\/file\/d\/1s7mHw1xCGvi73SOXZqcL2MGx5zd2u-jP\/preview\" width=\"640\" height=\"360\" allow=\"autoplay\" allowfullscreen><\/iframe><\/div>\t\t\t\t<\/div>\n\t\t\t\t<\/div>\n\t\t\t\t\t<\/div>\n\t\t\t\t<\/div>\n\t\t\t\t<\/div>\n\t\t","protected":false},"excerpt":{"rendered":"","protected":false},"author":2,"featured_media":0,"parent":0,"menu_order":0,"comment_status":"closed","ping_status":"closed","template":"","meta":{"footnotes":""},"class_list":["post-3123","page","type-page","status-publish","hentry"],"yoast_head":"<!-- This site is optimized with the Yoast SEO plugin v27.6 - https:\/\/yoast.com\/product\/yoast-seo-wordpress\/ -->\n<title>Kriti\u010dne sklopetarne povrede<\/title>\n<meta name=\"description\" content=\"Webinari sa Kursa Kriti\u010dne sklopetarne povrede odr\u017eanog u Urgentnom Centru Univerzitetskog Klini\u010dkog Centra u Beogradu\" \/>\n<meta name=\"robots\" content=\"index, follow, max-snippet:-1, max-image-preview:large, max-video-preview:-1\" \/>\n<link rel=\"canonical\" href=\"https:\/\/srses.org\/?page_id=3123\" \/>\n<meta property=\"og:locale\" content=\"en_US\" \/>\n<meta property=\"og:type\" content=\"article\" \/>\n<meta property=\"og:title\" content=\"Webinari sa Kursa Kriti\u010dne sklopetarne povrede\" \/>\n<meta property=\"og:description\" content=\"Webinari sa Kursa Kriti\u010dne sklopetarne povrede odr\u017eanog 22.11.2023 u Urgentnom Centru Univerzitetskog Klini\u010dkog Centra u Beogradu\" \/>\n<meta property=\"og:url\" content=\"https:\/\/srses.org\/?page_id=3123\" \/>\n<meta property=\"og:site_name\" content=\"SSES\" \/>\n<meta property=\"article:publisher\" content=\"https:\/\/www.facebook.com\/srbses\" \/>\n<meta property=\"article:modified_time\" content=\"2025-06-03T08:39:18+00:00\" \/>\n<meta property=\"og:image\" content=\"https:\/\/srses.org\/wp-content\/uploads\/2024\/01\/23-scaled.jpg\" \/>\n\t<meta property=\"og:image:width\" content=\"2560\" \/>\n\t<meta property=\"og:image:height\" content=\"1503\" \/>\n\t<meta property=\"og:image:type\" content=\"image\/jpeg\" \/>\n<meta name=\"twitter:card\" content=\"summary_large_image\" \/>\n<script type=\"application\/ld+json\" class=\"yoast-schema-graph\">{\"@context\":\"https:\\\/\\\/schema.org\",\"@graph\":[{\"@type\":\"WebPage\",\"@id\":\"https:\\\/\\\/srses.org\\\/?page_id=3123\",\"url\":\"https:\\\/\\\/srses.org\\\/?page_id=3123\",\"name\":\"Kriti\u010dne sklopetarne povrede\",\"isPartOf\":{\"@id\":\"https:\\\/\\\/srses.org\\\/#website\"},\"datePublished\":\"2023-12-10T21:14:33+00:00\",\"dateModified\":\"2025-06-03T08:39:18+00:00\",\"description\":\"Webinari sa Kursa Kriti\u010dne sklopetarne povrede odr\u017eanog u Urgentnom Centru Univerzitetskog Klini\u010dkog Centra u Beogradu\",\"breadcrumb\":{\"@id\":\"https:\\\/\\\/srses.org\\\/?page_id=3123#breadcrumb\"},\"inLanguage\":\"en-US\",\"potentialAction\":[{\"@type\":\"ReadAction\",\"target\":[\"https:\\\/\\\/srses.org\\\/?page_id=3123\"]}]},{\"@type\":\"BreadcrumbList\",\"@id\":\"https:\\\/\\\/srses.org\\\/?page_id=3123#breadcrumb\",\"itemListElement\":[{\"@type\":\"ListItem\",\"position\":1,\"name\":\"Home\",\"item\":\"https:\\\/\\\/srses.org\\\/\"},{\"@type\":\"ListItem\",\"position\":2,\"name\":\"Kriti\u010dne sklopetarne povrede\"}]},{\"@type\":\"WebSite\",\"@id\":\"https:\\\/\\\/srses.org\\\/#website\",\"url\":\"https:\\\/\\\/srses.org\\\/\",\"name\":\"SSES\",\"description\":\"Serbian Society of Emergency Surgery\",\"publisher\":{\"@id\":\"https:\\\/\\\/srses.org\\\/#organization\"},\"potentialAction\":[{\"@type\":\"SearchAction\",\"target\":{\"@type\":\"EntryPoint\",\"urlTemplate\":\"https:\\\/\\\/srses.org\\\/?s={search_term_string}\"},\"query-input\":{\"@type\":\"PropertyValueSpecification\",\"valueRequired\":true,\"valueName\":\"search_term_string\"}}],\"inLanguage\":\"en-US\"},{\"@type\":\"Organization\",\"@id\":\"https:\\\/\\\/srses.org\\\/#organization\",\"name\":\"SSES\",\"alternateName\":\"Serbian Society of Emergency Surgery\",\"url\":\"https:\\\/\\\/srses.org\\\/\",\"logo\":{\"@type\":\"ImageObject\",\"inLanguage\":\"en-US\",\"@id\":\"https:\\\/\\\/srses.org\\\/#\\\/schema\\\/logo\\\/image\\\/\",\"url\":\"https:\\\/\\\/srses.org\\\/wp-content\\\/uploads\\\/2023\\\/01\\\/crveni.png\",\"contentUrl\":\"https:\\\/\\\/srses.org\\\/wp-content\\\/uploads\\\/2023\\\/01\\\/crveni.png\",\"width\":724,\"height\":328,\"caption\":\"SSES\"},\"image\":{\"@id\":\"https:\\\/\\\/srses.org\\\/#\\\/schema\\\/logo\\\/image\\\/\"},\"sameAs\":[\"https:\\\/\\\/www.facebook.com\\\/srbses\"]}]}<\/script>\n<!-- \/ Yoast SEO plugin. -->","yoast_head_json":{"title":"Kriti\u010dne sklopetarne povrede","description":"Webinari sa Kursa Kriti\u010dne sklopetarne povrede odr\u017eanog u Urgentnom Centru Univerzitetskog Klini\u010dkog Centra u Beogradu","robots":{"index":"index","follow":"follow","max-snippet":"max-snippet:-1","max-image-preview":"max-image-preview:large","max-video-preview":"max-video-preview:-1"},"canonical":"https:\/\/srses.org\/?page_id=3123","og_locale":"en_US","og_type":"article","og_title":"Webinari sa Kursa Kriti\u010dne sklopetarne povrede","og_description":"Webinari sa Kursa Kriti\u010dne sklopetarne povrede odr\u017eanog 22.11.2023 u Urgentnom Centru Univerzitetskog Klini\u010dkog Centra u Beogradu","og_url":"https:\/\/srses.org\/?page_id=3123","og_site_name":"SSES","article_publisher":"https:\/\/www.facebook.com\/srbses","article_modified_time":"2025-06-03T08:39:18+00:00","og_image":[{"width":2560,"height":1503,"url":"https:\/\/srses.org\/wp-content\/uploads\/2024\/01\/23-scaled.jpg","type":"image\/jpeg"}],"twitter_card":"summary_large_image","schema":{"@context":"https:\/\/schema.org","@graph":[{"@type":"WebPage","@id":"https:\/\/srses.org\/?page_id=3123","url":"https:\/\/srses.org\/?page_id=3123","name":"Kriti\u010dne sklopetarne povrede","isPartOf":{"@id":"https:\/\/srses.org\/#website"},"datePublished":"2023-12-10T21:14:33+00:00","dateModified":"2025-06-03T08:39:18+00:00","description":"Webinari sa Kursa Kriti\u010dne sklopetarne povrede odr\u017eanog u Urgentnom Centru Univerzitetskog Klini\u010dkog Centra u Beogradu","breadcrumb":{"@id":"https:\/\/srses.org\/?page_id=3123#breadcrumb"},"inLanguage":"en-US","potentialAction":[{"@type":"ReadAction","target":["https:\/\/srses.org\/?page_id=3123"]}]},{"@type":"BreadcrumbList","@id":"https:\/\/srses.org\/?page_id=3123#breadcrumb","itemListElement":[{"@type":"ListItem","position":1,"name":"Home","item":"https:\/\/srses.org\/"},{"@type":"ListItem","position":2,"name":"Kriti\u010dne sklopetarne povrede"}]},{"@type":"WebSite","@id":"https:\/\/srses.org\/#website","url":"https:\/\/srses.org\/","name":"SSES","description":"Serbian Society of Emergency Surgery","publisher":{"@id":"https:\/\/srses.org\/#organization"},"potentialAction":[{"@type":"SearchAction","target":{"@type":"EntryPoint","urlTemplate":"https:\/\/srses.org\/?s={search_term_string}"},"query-input":{"@type":"PropertyValueSpecification","valueRequired":true,"valueName":"search_term_string"}}],"inLanguage":"en-US"},{"@type":"Organization","@id":"https:\/\/srses.org\/#organization","name":"SSES","alternateName":"Serbian Society of Emergency Surgery","url":"https:\/\/srses.org\/","logo":{"@type":"ImageObject","inLanguage":"en-US","@id":"https:\/\/srses.org\/#\/schema\/logo\/image\/","url":"https:\/\/srses.org\/wp-content\/uploads\/2023\/01\/crveni.png","contentUrl":"https:\/\/srses.org\/wp-content\/uploads\/2023\/01\/crveni.png","width":724,"height":328,"caption":"SSES"},"image":{"@id":"https:\/\/srses.org\/#\/schema\/logo\/image\/"},"sameAs":["https:\/\/www.facebook.com\/srbses"]}]}},"_links":{"self":[{"href":"https:\/\/srses.org\/index.php?rest_route=\/wp\/v2\/pages\/3123","targetHints":{"allow":["GET"]}}],"collection":[{"href":"https:\/\/srses.org\/index.php?rest_route=\/wp\/v2\/pages"}],"about":[{"href":"https:\/\/srses.org\/index.php?rest_route=\/wp\/v2\/types\/page"}],"author":[{"embeddable":true,"href":"https:\/\/srses.org\/index.php?rest_route=\/wp\/v2\/users\/2"}],"replies":[{"embeddable":true,"href":"https:\/\/srses.org\/index.php?rest_route=%2Fwp%2Fv2%2Fcomments&post=3123"}],"version-history":[{"count":73,"href":"https:\/\/srses.org\/index.php?rest_route=\/wp\/v2\/pages\/3123\/revisions"}],"predecessor-version":[{"id":5040,"href":"https:\/\/srses.org\/index.php?rest_route=\/wp\/v2\/pages\/3123\/revisions\/5040"}],"wp:attachment":[{"href":"https:\/\/srses.org\/index.php?rest_route=%2Fwp%2Fv2%2Fmedia&parent=3123"}],"curies":[{"name":"wp","href":"https:\/\/api.w.org\/{rel}","templated":true}]}}