{"id":3687,"date":"2024-03-21T20:37:18","date_gmt":"2024-03-21T19:37:18","guid":{"rendered":"https:\/\/srses.org\/?page_id=3687"},"modified":"2025-06-03T09:44:38","modified_gmt":"2025-06-03T08:44:38","slug":"seminar-2024","status":"publish","type":"page","link":"https:\/\/srses.org\/?page_id=3687","title":{"rendered":"Seminar 2024"},"content":{"rendered":"\t\t<div data-elementor-type=\"wp-page\" data-elementor-id=\"3687\" class=\"elementor elementor-3687\">\n\t\t\t\t<div class=\"elementor-element elementor-element-22798a2 e-flex e-con-boxed e-con e-parent\" data-id=\"22798a2\" data-element_type=\"container\" data-e-type=\"container\">\n\t\t\t\t\t<div class=\"e-con-inner\">\n\t\t\t\t<div class=\"elementor-element elementor-element-2e8cafd elementor-widget elementor-widget-text-editor\" data-id=\"2e8cafd\" data-element_type=\"widget\" data-e-type=\"widget\" data-widget_type=\"text-editor.default\">\n\t\t\t\t<div class=\"elementor-widget-container\">\n\t\t\t\t\t\t\t\t\t<p><\/p><p style=\"text-align: center;\"><b>Srpsko udru\u017eenje urgentne hirurgije u saradnji sa Medicinskim fakultetom Univerziteta u Beogradu realizovalo je seminar<\/b><\/p><p><\/p><p><\/p><h4 style=\"text-align: center;\"><strong>KRITI\u010cNO OBOLELI HIRUR\u0160KI PACIJENTI &#8211; DILEME DOGME I DOKAZI<\/strong><\/h4><p><\/p><p><\/p><p>na kome se predstavilo <a href=\"https:\/\/srses.org\/?page_id=3065\">17 predava\u010da<\/a> koji su vode\u0107i eksperti iz domena abdominalne i urgentne hirurgije.<\/p><p><\/p><p><\/p><p>Me\u0111u uva\u017eenim gostima, bili su prof. Branislav Stefanovi\u0107, nekada\u0161nji direktor Urgentnog centra u Beogradu, prof. Lukas Rasuli\u0107, predsednik Udru\u017eenja Neurohirurga Srbije, prof. Velimir Markovi\u0107, direktor Prve hirur\u0161ke klinike u Beogradu, dr Goran \u010colakovi\u0107, direktor Gradskog zavoda za hitnu medicinsku pomo\u0107 u Beogradu, prof. \u0110uro Macut, na\u010delnik odelenja i zamenik direktora Klinike za endokrinologiju, dijabetes i bolesti metabolizma UKCS, prof. Ivan Palibrk, Centar za anesteziologiju i reanimatologiju UKCS.<\/p><p><\/p><p><\/p><p>Uvodna predavanja su odr\u017eali prof. Aleksandar Simi\u0107, \u0161ef katedre za hirurgiju Medicinskog fakulteta u Beogradu i prof. Nikica Grubor, \u0161ef katedre za poslediplomsku nastavu Medicinskog fakulteta Univerziteta u Beogradu.<\/p><p><\/p><p><\/p><p>Polaznici seminara su bili lekari, anesteziolozi, radiolozi i hirurzi iz hirur\u0161kih i zdravstvenih centara Srbije i Republike Srpske.<\/p><p><\/p>\t\t\t\t\t\t\t\t<\/div>\n\t\t\t\t<\/div>\n\t\t\t\t\t<\/div>\n\t\t\t\t<\/div>\n\t\t<div class=\"elementor-element elementor-element-235d5cf e-flex e-con-boxed e-con e-parent\" data-id=\"235d5cf\" data-element_type=\"container\" data-e-type=\"container\">\n\t\t\t\t\t<div class=\"e-con-inner\">\n\t\t\t\t<div class=\"elementor-element elementor-element-1030a9e elementor-widget elementor-widget-video\" data-id=\"1030a9e\" data-element_type=\"widget\" data-e-type=\"widget\" data-settings=\"{&quot;youtube_url&quot;:&quot;https:\\\/\\\/youtu.be\\\/9TtAM4PS4kg&quot;,&quot;video_type&quot;:&quot;youtube&quot;,&quot;controls&quot;:&quot;yes&quot;}\" data-widget_type=\"video.default\">\n\t\t\t\t<div class=\"elementor-widget-container\">\n\t\t\t\t\t\t\t<div class=\"elementor-wrapper elementor-open-inline\">\n\t\t\t<div class=\"elementor-video\"><\/div>\t\t<\/div>\n\t\t\t\t\t\t<\/div>\n\t\t\t\t<\/div>\n\t\t\t\t\t<\/div>\n\t\t\t\t<\/div>\n\t\t<div class=\"elementor-element elementor-element-14994b01 e-flex e-con-boxed e-con e-parent\" data-id=\"14994b01\" data-element_type=\"container\" data-e-type=\"container\">\n\t\t\t\t\t<div class=\"e-con-inner\">\n\t\t\t\t<div class=\"elementor-element elementor-element-f7752b1 elementor-widget elementor-widget-video\" data-id=\"f7752b1\" data-element_type=\"widget\" data-e-type=\"widget\" data-settings=\"{&quot;youtube_url&quot;:&quot;https:\\\/\\\/youtu.be\\\/WKAPJEsDHr4&quot;,&quot;start&quot;:0.5,&quot;video_type&quot;:&quot;youtube&quot;,&quot;controls&quot;:&quot;yes&quot;}\" data-widget_type=\"video.default\">\n\t\t\t\t<div class=\"elementor-widget-container\">\n\t\t\t\t\t\t\t<div class=\"elementor-wrapper elementor-open-inline\">\n\t\t\t<div class=\"elementor-video\"><\/div>\t\t<\/div>\n\t\t\t\t\t\t<\/div>\n\t\t\t\t<\/div>\n\t\t\t\t\t<\/div>\n\t\t\t\t<\/div>\n\t\t<div class=\"elementor-element elementor-element-ff61f96 e-flex e-con-boxed e-con e-parent\" data-id=\"ff61f96\" data-element_type=\"container\" data-e-type=\"container\">\n\t\t\t\t\t<div class=\"e-con-inner\">\n\t\t\t\t<div class=\"elementor-element elementor-element-4321747 elementor-widget elementor-widget-video\" data-id=\"4321747\" data-element_type=\"widget\" data-e-type=\"widget\" data-settings=\"{&quot;youtube_url&quot;:&quot;https:\\\/\\\/youtu.be\\\/E1mc3f6Sy-w&quot;,&quot;start&quot;:1,&quot;video_type&quot;:&quot;youtube&quot;,&quot;controls&quot;:&quot;yes&quot;}\" data-widget_type=\"video.default\">\n\t\t\t\t<div class=\"elementor-widget-container\">\n\t\t\t\t\t\t\t<div class=\"elementor-wrapper elementor-open-inline\">\n\t\t\t<div class=\"elementor-video\"><\/div>\t\t<\/div>\n\t\t\t\t\t\t<\/div>\n\t\t\t\t<\/div>\n\t\t\t\t\t<\/div>\n\t\t\t\t<\/div>\n\t\t<div class=\"elementor-element elementor-element-c50557b e-flex e-con-boxed e-con e-parent\" data-id=\"c50557b\" data-element_type=\"container\" data-e-type=\"container\">\n\t\t\t\t\t<div class=\"e-con-inner\">\n\t\t\t\t<div class=\"elementor-element elementor-element-5eefd4c elementor-widget elementor-widget-video\" data-id=\"5eefd4c\" data-element_type=\"widget\" data-e-type=\"widget\" data-settings=\"{&quot;youtube_url&quot;:&quot;https:\\\/\\\/youtu.be\\\/2pF7rtx2v-k&quot;,&quot;start&quot;:1,&quot;video_type&quot;:&quot;youtube&quot;,&quot;controls&quot;:&quot;yes&quot;}\" data-widget_type=\"video.default\">\n\t\t\t\t<div class=\"elementor-widget-container\">\n\t\t\t\t\t\t\t<div class=\"elementor-wrapper elementor-open-inline\">\n\t\t\t<div class=\"elementor-video\"><\/div>\t\t<\/div>\n\t\t\t\t\t\t<\/div>\n\t\t\t\t<\/div>\n\t\t\t\t\t<\/div>\n\t\t\t\t<\/div>\n\t\t<div class=\"elementor-element elementor-element-a60cab7 e-flex e-con-boxed e-con e-parent\" data-id=\"a60cab7\" data-element_type=\"container\" data-e-type=\"container\">\n\t\t\t\t\t<div class=\"e-con-inner\">\n\t\t\t\t<div class=\"elementor-element elementor-element-c0e1342 elementor-widget elementor-widget-video\" data-id=\"c0e1342\" data-element_type=\"widget\" data-e-type=\"widget\" data-settings=\"{&quot;youtube_url&quot;:&quot;https:\\\/\\\/youtu.be\\\/7RZd4IPsBp8&quot;,&quot;start&quot;:1,&quot;video_type&quot;:&quot;youtube&quot;,&quot;controls&quot;:&quot;yes&quot;}\" data-widget_type=\"video.default\">\n\t\t\t\t<div class=\"elementor-widget-container\">\n\t\t\t\t\t\t\t<div class=\"elementor-wrapper elementor-open-inline\">\n\t\t\t<div class=\"elementor-video\"><\/div>\t\t<\/div>\n\t\t\t\t\t\t<\/div>\n\t\t\t\t<\/div>\n\t\t\t\t\t<\/div>\n\t\t\t\t<\/div>\n\t\t\t\t<\/div>\n\t\t","protected":false},"excerpt":{"rendered":"<p>Srpsko udru\u017eenje urgentne hirurgije u saradnji sa Medicinskim fakultetom Univerziteta u Beogradu realizovalo je seminar KRITI\u010cNO OBOLELI HIRUR\u0160KI PACIJENTI &#8211; DILEME DOGME [&hellip;]<\/p>\n","protected":false},"author":2,"featured_media":0,"parent":0,"menu_order":0,"comment_status":"closed","ping_status":"closed","template":"","meta":{"footnotes":""},"class_list":["post-3687","page","type-page","status-publish","hentry"],"yoast_head":"<!-- This site is optimized with the Yoast SEO plugin v27.6 - https:\/\/yoast.com\/product\/yoast-seo-wordpress\/ -->\n<title>&#037;&#037;title&#037;&#037; &#037;&#037;page&#037;&#037; &#037;%sep&#037;&#037; &#037;%sitename&#037;&#037;<\/title>\n<meta name=\"robots\" content=\"index, follow, max-snippet:-1, max-image-preview:large, max-video-preview:-1\" \/>\n<link rel=\"canonical\" href=\"https:\/\/srses.org\/?page_id=3687\" \/>\n<meta property=\"og:locale\" content=\"en_US\" \/>\n<meta property=\"og:type\" content=\"article\" \/>\n<meta property=\"og:title\" content=\"&#037;&#037;title&#037;&#037; &#037;&#037;page&#037;&#037; &#037;%sep&#037;&#037; &#037;%sitename&#037;&#037;\" \/>\n<meta property=\"og:description\" content=\"Srpsko udru\u017eenje urgentne hirurgije u saradnji sa Medicinskim fakultetom Univerziteta u Beogradu realizovalo je seminar KRITI\u010cNO OBOLELI HIRUR\u0160KI PACIJENTI &#8211; DILEME DOGME [&hellip;]\" \/>\n<meta property=\"og:url\" content=\"https:\/\/srses.org\/?page_id=3687\" \/>\n<meta property=\"og:site_name\" content=\"SSES\" \/>\n<meta property=\"article:publisher\" content=\"https:\/\/www.facebook.com\/srbses\" \/>\n<meta property=\"article:modified_time\" content=\"2025-06-03T08:44:38+00:00\" \/>\n<meta name=\"twitter:card\" content=\"summary_large_image\" \/>\n<meta name=\"twitter:label1\" content=\"Est. reading time\" \/>\n\t<meta name=\"twitter:data1\" content=\"1 minute\" \/>\n<script type=\"application\/ld+json\" class=\"yoast-schema-graph\">{\"@context\":\"https:\\\/\\\/schema.org\",\"@graph\":[{\"@type\":\"WebPage\",\"@id\":\"https:\\\/\\\/srses.org\\\/?page_id=3687\",\"url\":\"https:\\\/\\\/srses.org\\\/?page_id=3687\",\"name\":\"&#37;&#37;title&#37;&#37; &#37;&#37;page&#37;&#37; &#37;%sep&#37;&#37; &#37;%sitename&#37;&#37;\",\"isPartOf\":{\"@id\":\"https:\\\/\\\/srses.org\\\/#website\"},\"datePublished\":\"2024-03-21T19:37:18+00:00\",\"dateModified\":\"2025-06-03T08:44:38+00:00\",\"breadcrumb\":{\"@id\":\"https:\\\/\\\/srses.org\\\/?page_id=3687#breadcrumb\"},\"inLanguage\":\"en-US\",\"potentialAction\":[{\"@type\":\"ReadAction\",\"target\":[\"https:\\\/\\\/srses.org\\\/?page_id=3687\"]}]},{\"@type\":\"BreadcrumbList\",\"@id\":\"https:\\\/\\\/srses.org\\\/?page_id=3687#breadcrumb\",\"itemListElement\":[{\"@type\":\"ListItem\",\"position\":1,\"name\":\"Home\",\"item\":\"https:\\\/\\\/srses.org\\\/\"},{\"@type\":\"ListItem\",\"position\":2,\"name\":\"Seminar 2024\"}]},{\"@type\":\"WebSite\",\"@id\":\"https:\\\/\\\/srses.org\\\/#website\",\"url\":\"https:\\\/\\\/srses.org\\\/\",\"name\":\"SSES\",\"description\":\"Serbian Society of Emergency Surgery\",\"publisher\":{\"@id\":\"https:\\\/\\\/srses.org\\\/#organization\"},\"potentialAction\":[{\"@type\":\"SearchAction\",\"target\":{\"@type\":\"EntryPoint\",\"urlTemplate\":\"https:\\\/\\\/srses.org\\\/?s={search_term_string}\"},\"query-input\":{\"@type\":\"PropertyValueSpecification\",\"valueRequired\":true,\"valueName\":\"search_term_string\"}}],\"inLanguage\":\"en-US\"},{\"@type\":\"Organization\",\"@id\":\"https:\\\/\\\/srses.org\\\/#organization\",\"name\":\"SSES\",\"alternateName\":\"Serbian Society of Emergency Surgery\",\"url\":\"https:\\\/\\\/srses.org\\\/\",\"logo\":{\"@type\":\"ImageObject\",\"inLanguage\":\"en-US\",\"@id\":\"https:\\\/\\\/srses.org\\\/#\\\/schema\\\/logo\\\/image\\\/\",\"url\":\"https:\\\/\\\/srses.org\\\/wp-content\\\/uploads\\\/2023\\\/01\\\/crveni.png\",\"contentUrl\":\"https:\\\/\\\/srses.org\\\/wp-content\\\/uploads\\\/2023\\\/01\\\/crveni.png\",\"width\":724,\"height\":328,\"caption\":\"SSES\"},\"image\":{\"@id\":\"https:\\\/\\\/srses.org\\\/#\\\/schema\\\/logo\\\/image\\\/\"},\"sameAs\":[\"https:\\\/\\\/www.facebook.com\\\/srbses\"]}]}<\/script>\n<!-- \/ Yoast SEO plugin. -->","yoast_head_json":{"title":"&#37;&#37;title&#37;&#37; &#37;&#37;page&#37;&#37; &#37;%sep&#37;&#37; &#37;%sitename&#37;&#37;","robots":{"index":"index","follow":"follow","max-snippet":"max-snippet:-1","max-image-preview":"max-image-preview:large","max-video-preview":"max-video-preview:-1"},"canonical":"https:\/\/srses.org\/?page_id=3687","og_locale":"en_US","og_type":"article","og_title":"&#37;&#37;title&#37;&#37; &#37;&#37;page&#37;&#37; &#37;%sep&#37;&#37; &#37;%sitename&#37;&#37;","og_description":"Srpsko udru\u017eenje urgentne hirurgije u saradnji sa Medicinskim fakultetom Univerziteta u Beogradu realizovalo je seminar KRITI\u010cNO OBOLELI HIRUR\u0160KI PACIJENTI &#8211; DILEME DOGME [&hellip;]","og_url":"https:\/\/srses.org\/?page_id=3687","og_site_name":"SSES","article_publisher":"https:\/\/www.facebook.com\/srbses","article_modified_time":"2025-06-03T08:44:38+00:00","twitter_card":"summary_large_image","twitter_misc":{"Est. reading time":"1 minute"},"schema":{"@context":"https:\/\/schema.org","@graph":[{"@type":"WebPage","@id":"https:\/\/srses.org\/?page_id=3687","url":"https:\/\/srses.org\/?page_id=3687","name":"&#37;&#37;title&#37;&#37; &#37;&#37;page&#37;&#37; &#37;%sep&#37;&#37; &#37;%sitename&#37;&#37;","isPartOf":{"@id":"https:\/\/srses.org\/#website"},"datePublished":"2024-03-21T19:37:18+00:00","dateModified":"2025-06-03T08:44:38+00:00","breadcrumb":{"@id":"https:\/\/srses.org\/?page_id=3687#breadcrumb"},"inLanguage":"en-US","potentialAction":[{"@type":"ReadAction","target":["https:\/\/srses.org\/?page_id=3687"]}]},{"@type":"BreadcrumbList","@id":"https:\/\/srses.org\/?page_id=3687#breadcrumb","itemListElement":[{"@type":"ListItem","position":1,"name":"Home","item":"https:\/\/srses.org\/"},{"@type":"ListItem","position":2,"name":"Seminar 2024"}]},{"@type":"WebSite","@id":"https:\/\/srses.org\/#website","url":"https:\/\/srses.org\/","name":"SSES","description":"Serbian Society of Emergency Surgery","publisher":{"@id":"https:\/\/srses.org\/#organization"},"potentialAction":[{"@type":"SearchAction","target":{"@type":"EntryPoint","urlTemplate":"https:\/\/srses.org\/?s={search_term_string}"},"query-input":{"@type":"PropertyValueSpecification","valueRequired":true,"valueName":"search_term_string"}}],"inLanguage":"en-US"},{"@type":"Organization","@id":"https:\/\/srses.org\/#organization","name":"SSES","alternateName":"Serbian Society of Emergency Surgery","url":"https:\/\/srses.org\/","logo":{"@type":"ImageObject","inLanguage":"en-US","@id":"https:\/\/srses.org\/#\/schema\/logo\/image\/","url":"https:\/\/srses.org\/wp-content\/uploads\/2023\/01\/crveni.png","contentUrl":"https:\/\/srses.org\/wp-content\/uploads\/2023\/01\/crveni.png","width":724,"height":328,"caption":"SSES"},"image":{"@id":"https:\/\/srses.org\/#\/schema\/logo\/image\/"},"sameAs":["https:\/\/www.facebook.com\/srbses"]}]}},"_links":{"self":[{"href":"https:\/\/srses.org\/index.php?rest_route=\/wp\/v2\/pages\/3687","targetHints":{"allow":["GET"]}}],"collection":[{"href":"https:\/\/srses.org\/index.php?rest_route=\/wp\/v2\/pages"}],"about":[{"href":"https:\/\/srses.org\/index.php?rest_route=\/wp\/v2\/types\/page"}],"author":[{"embeddable":true,"href":"https:\/\/srses.org\/index.php?rest_route=\/wp\/v2\/users\/2"}],"replies":[{"embeddable":true,"href":"https:\/\/srses.org\/index.php?rest_route=%2Fwp%2Fv2%2Fcomments&post=3687"}],"version-history":[{"count":57,"href":"https:\/\/srses.org\/index.php?rest_route=\/wp\/v2\/pages\/3687\/revisions"}],"predecessor-version":[{"id":5043,"href":"https:\/\/srses.org\/index.php?rest_route=\/wp\/v2\/pages\/3687\/revisions\/5043"}],"wp:attachment":[{"href":"https:\/\/srses.org\/index.php?rest_route=%2Fwp%2Fv2%2Fmedia&parent=3687"}],"curies":[{"name":"wp","href":"https:\/\/api.w.org\/{rel}","templated":true}]}}